CRAN Package Check Results for Package gamlss

Last updated on 2020-01-19 23:46:44 CET.

Flavor Version Tinstall Tcheck Ttotal Status Flags
r-devel-linux-x86_64-debian-clang 5.1-5 33.84 213.26 247.10 OK
r-devel-linux-x86_64-debian-gcc 5.1-5 24.14 159.43 183.57 OK
r-devel-linux-x86_64-fedora-clang 5.1-5 286.40 OK
r-devel-linux-x86_64-fedora-gcc 5.1-5 281.93 OK
r-devel-windows-ix86+x86_64 5.1-5 59.00 273.00 332.00 OK
r-devel-windows-ix86+x86_64-gcc8 5.1-5 40.00 368.00 408.00 OK
r-patched-linux-x86_64 5.1-5 26.83 191.12 217.95 OK
r-patched-solaris-x86 5.1-5 324.30 OK
r-release-linux-x86_64 5.1-5 25.95 194.29 220.24 OK
r-release-windows-ix86+x86_64 5.1-5 56.00 261.00 317.00 OK
r-release-osx-x86_64 5.1-5 OK
r-oldrel-windows-ix86+x86_64 5.1-5 33.00 320.00 353.00 NOTE
r-oldrel-osx-x86_64 5.1-5 NOTE

Check Details

Version: 5.1-5
Check: R code for possible problems
Result: NOTE
    lms: no visible global function definition for 'str2lang'
    Undefined global functions or variables:
     str2lang
Flavors: r-oldrel-windows-ix86+x86_64, r-oldrel-osx-x86_64