CRAN Package Check Results for Package gWidgetstcltk

Last updated on 2020-05-24 23:47:45 CEST.

Flavor Version Tinstall Tcheck Ttotal Status Flags
r-devel-linux-x86_64-debian-clang 0.0-55.1 39.44 83.43 122.87 NOTE
r-devel-linux-x86_64-debian-gcc 0.0-55.1 29.49 65.82 95.31 NOTE
r-devel-linux-x86_64-fedora-clang 0.0-55.1 152.80 WARN
r-devel-linux-x86_64-fedora-gcc 0.0-55.1 156.84 NOTE
r-devel-windows-ix86+x86_64 0.0-55.1 50.00 7.00 57.00 ERROR
r-patched-linux-x86_64 0.0-55.1 40.58 85.94 126.52 NOTE
r-patched-solaris-x86 0.0-55.1 210.60 NOTE
r-release-linux-x86_64 0.0-55.1 39.06 86.65 125.71 NOTE
r-release-osx-x86_64 0.0-55.1 NOTE
r-release-windows-ix86+x86_64 0.0-55.1 43.00 121.00 164.00 NOTE
r-oldrel-osx-x86_64 0.0-55.1 ERROR
r-oldrel-windows-ix86+x86_64 0.0-55.1 40.00 103.00 143.00 NOTE

Check Details

Version: 0.0-55.1
Check: R code for possible problems
Result: NOTE
    browseDataAsCSV: no visible global function definition for 'write.csv'
    browseDataAsCSV: no visible global function definition for 'browseURL'
    tcltkDialog: no visible global function definition for 'runif'
    tl_get_column_name: no visible global function definition for 'tail'
    .add,gTexttcltk-guiWidgetsToolkittcltk-character: no visible global
     function definition for 'rnorm'
    .font<-,gTexttcltk-guiWidgetsToolkittcltk: no visible global function
     definition for 'rnorm'
    .font<-,tcltkObject-guiWidgetsToolkittcltk: no visible global function
     definition for 'rnorm'
    .gdf,guiWidgetsToolkittcltk: no visible global function definition for
     'head'
    .visible<-,gGraphicstcltk-guiWidgetsToolkittcltk-ANY: no visible global
     function definition for 'dev.set'
    Undefined global functions or variables:
     browseURL dev.set head rnorm runif tail write.csv
    Consider adding
     importFrom("grDevices", "dev.set")
     importFrom("stats", "rnorm", "runif")
     importFrom("utils", "browseURL", "head", "tail", "write.csv")
    to your NAMESPACE file.
Flavors: r-devel-linux-x86_64-debian-clang, r-devel-linux-x86_64-debian-gcc, r-devel-linux-x86_64-fedora-clang, r-devel-linux-x86_64-fedora-gcc, r-patched-linux-x86_64, r-patched-solaris-x86, r-release-linux-x86_64, r-release-osx-x86_64, r-release-windows-ix86+x86_64, r-oldrel-windows-ix86+x86_64

Version: 0.0-55.1
Check: package dependencies
Result: WARN
    Requires orphaned package: ‘gWidgets’
Flavor: r-devel-linux-x86_64-fedora-clang

Version: 0.0-55.1
Check: whether package can be installed
Result: ERROR
    Installation failed.
Flavors: r-devel-windows-ix86+x86_64, r-oldrel-osx-x86_64