CRAN Package Check Results for Package gWidgetstcltk

Last updated on 2019-05-19 02:46:30 CEST.

Flavor Version Tinstall Tcheck Ttotal Status Flags
r-devel-linux-x86_64-debian-clang 0.0-55 36.59 77.62 114.21 NOTE
r-devel-linux-x86_64-debian-gcc 0.0-55 27.75 61.24 88.99 NOTE
r-devel-linux-x86_64-fedora-clang 0.0-55 133.26 NOTE
r-devel-linux-x86_64-fedora-gcc 0.0-55 131.33 NOTE
r-devel-windows-ix86+x86_64 0.0-55 46.00 102.00 148.00 NOTE
r-patched-linux-x86_64 0.0-55 34.48 78.71 113.19 NOTE
r-patched-solaris-x86 0.0-55 194.40 NOTE
r-release-linux-x86_64 0.0-55 35.38 77.50 112.88 NOTE
r-release-windows-ix86+x86_64 0.0-55 44.00 102.00 146.00 NOTE
r-release-osx-x86_64 0.0-55 NOTE
r-oldrel-windows-ix86+x86_64 0.0-55 39.00 99.00 138.00 NOTE
r-oldrel-osx-x86_64 0.0-55 NOTE

Check Details

Version: 0.0-55
Check: R code for possible problems
Result: NOTE
    browseDataAsCSV: no visible global function definition for 'write.csv'
    browseDataAsCSV: no visible global function definition for 'browseURL'
    tcltkDialog: no visible global function definition for 'runif'
    tl_get_column_name: no visible global function definition for 'tail'
    .add,gTexttcltk-guiWidgetsToolkittcltk-character: no visible global
     function definition for 'rnorm'
    .font<-,gTexttcltk-guiWidgetsToolkittcltk: no visible global function
     definition for 'rnorm'
    .font<-,tcltkObject-guiWidgetsToolkittcltk: no visible global function
     definition for 'rnorm'
    .gdf,guiWidgetsToolkittcltk: no visible global function definition for
     'head'
    .visible<-,gGraphicstcltk-guiWidgetsToolkittcltk-ANY: no visible global
     function definition for 'dev.set'
    Undefined global functions or variables:
     browseURL dev.set head rnorm runif tail write.csv
    Consider adding
     importFrom("grDevices", "dev.set")
     importFrom("stats", "rnorm", "runif")
     importFrom("utils", "browseURL", "head", "tail", "write.csv")
    to your NAMESPACE file.
Flavors: r-devel-linux-x86_64-debian-clang, r-devel-linux-x86_64-debian-gcc, r-devel-linux-x86_64-fedora-clang, r-devel-linux-x86_64-fedora-gcc, r-devel-windows-ix86+x86_64, r-patched-linux-x86_64, r-patched-solaris-x86, r-release-linux-x86_64, r-release-windows-ix86+x86_64, r-release-osx-x86_64, r-oldrel-windows-ix86+x86_64, r-oldrel-osx-x86_64