CRAN Package Check Results for Package gWQS

Last updated on 2022-01-23 23:50:18 CET.

Flavor Version Tinstall Tcheck Ttotal Status Flags
r-devel-linux-x86_64-debian-clang 3.0.4 13.11 136.24 149.35 OK
r-devel-linux-x86_64-debian-gcc 3.0.4 13.24 116.28 129.52 OK
r-devel-linux-x86_64-fedora-clang 3.0.4 180.09 NOTE
r-devel-linux-x86_64-fedora-gcc 3.0.4 166.99 NOTE
r-devel-windows-x86_64-new-UL 3.0.4 30.00 142.00 172.00 OK
r-devel-windows-x86_64-new-TK 3.0.4 NOTE
r-patched-linux-x86_64 3.0.4 9.73 129.00 138.73 OK
r-release-linux-x86_64 3.0.4 10.69 127.66 138.35 OK
r-release-macos-arm64 3.0.4 NOTE
r-release-macos-x86_64 3.0.4 NOTE
r-release-windows-ix86+x86_64 3.0.4 33.00 153.00 186.00 OK
r-oldrel-macos-x86_64 3.0.4 NOTE
r-oldrel-windows-ix86+x86_64 3.0.4 35.00 149.00 184.00 OK

Check Details

Version: 3.0.4
Check: dependencies in R code
Result: NOTE
    Namespace in Imports field not imported from: ‘dplyr’
     All declared Imports should be used.
Flavors: r-devel-linux-x86_64-fedora-clang, r-devel-linux-x86_64-fedora-gcc, r-devel-windows-x86_64-new-TK, r-release-macos-arm64, r-release-macos-x86_64, r-oldrel-macos-x86_64