CRAN Package Check Results for Package gWQS

Last updated on 2019-10-20 23:47:26 CEST.

Flavor Version Tinstall Tcheck Ttotal Status Flags
r-devel-linux-x86_64-debian-clang 2.0.0 7.50 204.24 211.74 OK
r-devel-linux-x86_64-debian-gcc 2.0.0 6.57 151.78 158.35 OK
r-devel-linux-x86_64-fedora-clang 2.0.0 240.47 NOTE
r-devel-linux-x86_64-fedora-gcc 2.0.0 239.33 NOTE
r-devel-windows-ix86+x86_64 2.0.0 19.00 201.00 220.00 OK
r-patched-linux-x86_64 2.0.0 7.93 196.06 203.99 OK
r-patched-solaris-x86 2.0.0 341.30 NOTE
r-release-linux-x86_64 2.0.0 7.47 196.29 203.76 OK
r-release-windows-ix86+x86_64 2.0.0 30.00 193.00 223.00 OK
r-release-osx-x86_64 2.0.0 NOTE
r-oldrel-windows-ix86+x86_64 2.0.0 11.00 192.00 203.00 OK
r-oldrel-osx-x86_64 2.0.0 NOTE

Check Details

Version: 2.0.0
Check: dependencies in R code
Result: NOTE
    Namespace in Imports field not imported from: ‘dplyr’
     All declared Imports should be used.
Flavors: r-devel-linux-x86_64-fedora-clang, r-devel-linux-x86_64-fedora-gcc, r-patched-solaris-x86, r-release-osx-x86_64, r-oldrel-osx-x86_64