CRAN Package Check Results for Package gWQS

Last updated on 2019-07-15 00:50:33 CEST.

Flavor Version Tinstall Tcheck Ttotal Status Flags
r-devel-linux-x86_64-debian-clang 1.1.1 5.78 56.59 62.37 NOTE
r-devel-linux-x86_64-debian-gcc 1.1.1 4.75 45.15 49.90 NOTE
r-devel-linux-x86_64-fedora-clang 1.1.1 73.54 NOTE
r-devel-linux-x86_64-fedora-gcc 1.1.1 72.96 NOTE
r-devel-windows-ix86+x86_64 1.1.1 19.00 75.00 94.00 OK
r-patched-linux-x86_64 1.1.1 5.82 55.20 61.02 OK
r-patched-solaris-x86 1.1.1 146.20 OK
r-release-linux-x86_64 1.1.1 5.43 55.48 60.91 OK
r-release-windows-ix86+x86_64 1.1.1 15.00 99.00 114.00 OK
r-release-osx-x86_64 1.1.1 OK
r-oldrel-windows-ix86+x86_64 1.1.1 18.00 71.00 89.00 OK
r-oldrel-osx-x86_64 1.1.1 OK

Check Details

Version: 1.1.1
Check: for non-standard things in the check directory
Result: NOTE
    Found the following files/directories:
     'Summary_results.html' 'Weights_table.html'
Flavors: r-devel-linux-x86_64-debian-clang, r-devel-linux-x86_64-debian-gcc, r-devel-linux-x86_64-fedora-clang, r-devel-linux-x86_64-fedora-gcc