Last updated on 2021-04-20 23:47:44 CEST.
Flavor | Version | Tinstall | Tcheck | Ttotal | Status | Flags |
---|---|---|---|---|---|---|
r-devel-linux-x86_64-debian-clang | 1.3-6 | 55.02 | 120.19 | 175.21 | OK | |
r-devel-linux-x86_64-debian-gcc | 1.3-6 | 39.86 | 91.78 | 131.64 | OK | |
r-devel-linux-x86_64-fedora-clang | 1.3-6 | 232.11 | OK | |||
r-devel-linux-x86_64-fedora-gcc | 1.3-6 | 215.58 | OK | |||
r-devel-windows-ix86+x86_64 | 1.3-6 | 142.00 | 160.00 | 302.00 | OK | |
r-devel-windows-x86_64-gcc10-UCRT | 1.3-6 | ERROR | ||||
r-patched-linux-x86_64 | 1.3-6 | 46.56 | 113.29 | 159.85 | WARN | |
r-patched-solaris-x86 | 1.3-6 | 269.70 | OK | |||
r-release-linux-x86_64 | 1.3-6 | 48.28 | 111.93 | 160.21 | OK | |
r-release-macos-x86_64 | 1.3-6 | OK | ||||
r-release-windows-ix86+x86_64 | 1.3-6 | 139.00 | 200.00 | 339.00 | OK | |
r-oldrel-macos-x86_64 | 1.3-6 | OK | ||||
r-oldrel-windows-ix86+x86_64 | 1.3-6 | 112.00 | 186.00 | 298.00 | OK |
Version: 1.3-6
Check: package dependencies
Result: ERROR
Packages required but not available: 'gRbase', 'Rgraphviz'
See section 'The DESCRIPTION file' in the 'Writing R Extensions'
manual.
Flavor: r-devel-windows-x86_64-gcc10-UCRT
Version: 1.3-6
Check: whether package can be installed
Result: WARN
Found the following significant warnings:
Rd warning: /tmp/Rtmph4yeq3/R.INSTALL2b487568a31e/gRain/man/cpt-update.Rd:52: file link ‘propagate’ in package ‘gRbase’ does not exist and so has been treated as a topic
Rd warning: /tmp/Rtmph4yeq3/R.INSTALL2b487568a31e/gRain/man/cpt-update.Rd:53: file link ‘triangulate’ in package ‘gRbase’ does not exist and so has been treated as a topic
Rd warning: /tmp/Rtmph4yeq3/R.INSTALL2b487568a31e/gRain/man/cpt-update.Rd:53: file link ‘rip’ in package ‘gRbase’ does not exist and so has been treated as a topic
Rd warning: /tmp/Rtmph4yeq3/R.INSTALL2b487568a31e/gRain/man/cpt-update.Rd:54: file link ‘junctionTree’ in package ‘gRbase’ does not exist and so has been treated as a topic
Rd warning: /tmp/Rtmph4yeq3/R.INSTALL2b487568a31e/gRain/man/cptable.Rd:104: file link ‘parray’ in package ‘gRbase’ does not exist and so has been treated as a topic
Rd warning: /tmp/Rtmph4yeq3/R.INSTALL2b487568a31e/gRain/man/grain_compile.Rd:51: file link ‘propagate’ in package ‘gRbase’ does not exist and so has been treated as a topic
Rd warning: /tmp/Rtmph4yeq3/R.INSTALL2b487568a31e/gRain/man/grain_compile.Rd:53: file link ‘triangulate’ in package ‘gRbase’ does not exist and so has been treated as a topic
Rd warning: /tmp/Rtmph4yeq3/R.INSTALL2b487568a31e/gRain/man/grain_compile.Rd:53: file link ‘rip’ in package ‘gRbase’ does not exist and so has been treated as a topic
Rd warning: /tmp/Rtmph4yeq3/R.INSTALL2b487568a31e/gRain/man/grain_compile.Rd:54: file link ‘junctionTree’ in package ‘gRbase’ does not exist and so has been treated as a topic
Rd warning: /tmp/Rtmph4yeq3/R.INSTALL2b487568a31e/gRain/man/grain_propagate.Rd:68: file link ‘compile’ in package ‘gRbase’ does not exist and so has been treated as a topic
Flavor: r-patched-linux-x86_64