CRAN Package Check Results for Package gMWT

Last updated on 2019-07-15 00:50:33 CEST.

Flavor Version Tinstall Tcheck Ttotal Status Flags
r-devel-linux-x86_64-debian-clang 1.1 22.61 58.71 81.32 OK
r-devel-linux-x86_64-debian-gcc 1.1 19.97 44.35 64.32 OK
r-devel-linux-x86_64-fedora-clang 1.1 102.60 NOTE
r-devel-linux-x86_64-fedora-gcc 1.1 102.35 NOTE
r-devel-windows-ix86+x86_64 1.1 40.00 89.00 129.00 OK
r-patched-linux-x86_64 1.1 20.94 58.53 79.47 OK
r-patched-solaris-x86 1.1 117.90 OK
r-release-linux-x86_64 1.1 21.71 58.07 79.78 OK
r-release-windows-ix86+x86_64 1.1 41.00 112.00 153.00 OK
r-release-osx-x86_64 1.1 OK
r-oldrel-windows-ix86+x86_64 1.1 52.00 84.00 136.00 OK
r-oldrel-osx-x86_64 1.1 OK

Check Details

Version: 1.1
Check: compiled code
Result: NOTE
    File ‘gMWT/libs/gMWT.so’:
     Found no calls to: ‘R_registerRoutines’, ‘R_useDynamicSymbols’
    
    It is good practice to register native routines and to disable symbol
    search.
    
    See ‘Writing portable packages’ in the ‘Writing R Extensions’ manual.
Flavors: r-devel-linux-x86_64-fedora-clang, r-devel-linux-x86_64-fedora-gcc