CRAN Package Check Results for Package fy

Last updated on 2022-08-06 22:59:28 CEST.

Flavor Version Tinstall Tcheck Ttotal Status Flags
r-devel-linux-x86_64-debian-clang 0.3.0 2.65 35.04 37.69 NOTE
r-devel-linux-x86_64-debian-gcc 0.3.0 2.07 26.00 28.07 NOTE
r-devel-linux-x86_64-fedora-clang 0.3.0 56.14 NOTE
r-devel-linux-x86_64-fedora-gcc 0.3.0 54.00 NOTE
r-devel-windows-x86_64 0.3.0 14.00 58.00 72.00 NOTE
r-patched-linux-x86_64 0.3.0 3.47 32.63 36.10 NOTE
r-release-linux-x86_64 0.3.0 3.35 32.43 35.78 NOTE
r-release-macos-arm64 0.3.0 17.00 NOTE
r-release-macos-x86_64 0.3.0 27.00 NOTE
r-release-windows-x86_64 0.3.0 13.00 57.00 70.00 NOTE
r-oldrel-macos-arm64 0.3.0 23.00 NOTE
r-oldrel-macos-x86_64 0.3.0 31.00 NOTE
r-oldrel-windows-ix86+x86_64 0.3.0 7.00 55.00 62.00 NOTE

Check Details

Version: 0.3.0
Check: LazyData
Result: NOTE
     'LazyData' is specified without a 'data' directory
Flavors: r-devel-linux-x86_64-debian-clang, r-devel-linux-x86_64-debian-gcc, r-devel-linux-x86_64-fedora-clang, r-devel-linux-x86_64-fedora-gcc, r-devel-windows-x86_64, r-patched-linux-x86_64, r-release-linux-x86_64, r-release-macos-arm64, r-release-macos-x86_64, r-release-windows-x86_64, r-oldrel-macos-arm64, r-oldrel-macos-x86_64, r-oldrel-windows-ix86+x86_64