CRAN Package Check Results for Package fxtract

Last updated on 2019-06-07 02:50:51 CEST.

Flavor Version Tinstall Tcheck Ttotal Status Flags
r-devel-linux-x86_64-debian-clang 0.9.1 8.67 77.02 85.69 OK
r-devel-linux-x86_64-debian-gcc 0.9.1 7.89 56.96 64.85 OK
r-devel-linux-x86_64-fedora-clang 0.9.1 105.14 NOTE
r-devel-linux-x86_64-fedora-gcc 0.9.1 92.22 NOTE
r-devel-windows-ix86+x86_64 0.9.1 21.00 142.00 163.00 OK
r-patched-linux-x86_64 0.9.1 7.39 71.16 78.55 OK
r-patched-solaris-x86 0.9.1 139.70 NOTE
r-release-linux-x86_64 0.9.1 9.21 73.25 82.46 OK
r-release-windows-ix86+x86_64 0.9.1 28.00 117.00 145.00 OK
r-release-osx-x86_64 0.9.1 NOTE
r-oldrel-windows-ix86+x86_64 0.9.1 11.00 133.00 144.00 OK
r-oldrel-osx-x86_64 0.9.1 NOTE

Check Details

Version: 0.9.1
Check: dependencies in R code
Result: NOTE
    Namespaces in Imports field not imported from:
     ‘future’ ‘utils’
     All declared Imports should be used.
Flavors: r-devel-linux-x86_64-fedora-clang, r-devel-linux-x86_64-fedora-gcc, r-patched-solaris-x86, r-release-osx-x86_64, r-oldrel-osx-x86_64