CRAN Package Check Results for Package fuzzr

Last updated on 2022-11-29 22:53:36 CET.

Flavor Version Tinstall Tcheck Ttotal Status Flags
r-devel-linux-x86_64-debian-clang 0.2.2 2.38 40.35 42.73 NOTE
r-devel-linux-x86_64-debian-gcc 0.2.2 1.84 31.12 32.96 NOTE
r-devel-linux-x86_64-fedora-clang 0.2.2 64.11 NOTE
r-devel-linux-x86_64-fedora-gcc 0.2.2 61.44 NOTE
r-devel-windows-x86_64 0.2.2 11.00 73.00 84.00 NOTE
r-patched-linux-x86_64 0.2.2 2.51 39.29 41.80 NOTE
r-release-linux-x86_64 0.2.2 2.31 40.24 42.55 NOTE
r-release-macos-arm64 0.2.2 21.00 NOTE
r-release-macos-x86_64 0.2.2 30.00 NOTE
r-release-windows-x86_64 0.2.2 11.00 73.00 84.00 NOTE
r-oldrel-macos-arm64 0.2.2 25.00 NOTE
r-oldrel-macos-x86_64 0.2.2 32.00 NOTE
r-oldrel-windows-ix86+x86_64 0.2.2 6.00 67.00 73.00 NOTE

Check Details

Version: 0.2.2
Check: LazyData
Result: NOTE
     'LazyData' is specified without a 'data' directory
Flavors: r-devel-linux-x86_64-debian-clang, r-devel-linux-x86_64-debian-gcc, r-devel-linux-x86_64-fedora-clang, r-devel-linux-x86_64-fedora-gcc, r-devel-windows-x86_64, r-patched-linux-x86_64, r-release-linux-x86_64, r-release-macos-arm64, r-release-macos-x86_64, r-release-windows-x86_64, r-oldrel-macos-arm64, r-oldrel-macos-x86_64, r-oldrel-windows-ix86+x86_64