CRAN Package Check Results for Package future.BatchJobs

Last updated on 2019-06-07 02:50:51 CEST.

Flavor Version Tinstall Tcheck Ttotal Status Flags
r-devel-linux-x86_64-debian-clang 0.16.1 5.42 313.51 318.93 NOTE
r-devel-linux-x86_64-debian-gcc 0.16.1 3.99 246.69 250.68 NOTE
r-devel-linux-x86_64-fedora-clang 0.16.1 367.56 NOTE
r-devel-linux-x86_64-fedora-gcc 0.16.1 354.52 NOTE
r-devel-windows-ix86+x86_64 0.16.1 16.00 563.00 579.00 OK
r-patched-linux-x86_64 0.16.1 4.95 302.85 307.80 OK
r-patched-solaris-x86 0.16.1 108.40 OK --no-tests
r-release-linux-x86_64 0.16.1 5.11 303.04 308.15 OK
r-release-windows-ix86+x86_64 0.16.1 27.00 578.00 605.00 OK
r-release-osx-x86_64 0.16.1 OK
r-oldrel-windows-ix86+x86_64 0.16.1 12.00 505.00 517.00 OK
r-oldrel-osx-x86_64 0.16.1 OK

Check Details

Version: 0.16.1
Check: for non-standard things in the check directory
Result: NOTE
    Found the following files/directories:
     .future
Flavors: r-devel-linux-x86_64-debian-clang, r-devel-linux-x86_64-debian-gcc

Version: 0.16.1
Check: for non-standard things in the check directory
Result: NOTE
    Found the following files/directories:
     ‘.future’
Flavors: r-devel-linux-x86_64-fedora-clang, r-devel-linux-x86_64-fedora-gcc

Version: 0.16.1
Check: tests
Result: FAIL
    
Flavor: r-release-osx-x86_64