CRAN Package Check Results for Package future.BatchJobs

Last updated on 2019-08-18 23:47:33 CEST.

Flavor Version Tinstall Tcheck Ttotal Status Flags
r-devel-linux-x86_64-debian-clang 0.16.1 5.57 357.55 363.12 NOTE
r-devel-linux-x86_64-debian-gcc 0.16.1 4.61 277.96 282.57 NOTE
r-devel-linux-x86_64-fedora-clang 0.16.1 423.19 NOTE
r-devel-linux-x86_64-fedora-gcc 0.16.1 401.82 NOTE
r-devel-windows-ix86+x86_64 0.16.1 24.00 575.00 599.00 OK
r-patched-linux-x86_64 0.16.1 5.11 340.46 345.57 OK
r-patched-solaris-x86 0.16.1 120.00 OK --no-tests
r-release-linux-x86_64 0.16.1 4.96 338.62 343.58 OK
r-release-windows-ix86+x86_64 0.16.1 12.00 395.00 407.00 OK
r-release-osx-x86_64 0.16.1 OK
r-oldrel-windows-ix86+x86_64 0.16.1 16.00 558.00 574.00 OK
r-oldrel-osx-x86_64 0.16.1 OK

Check Details

Version: 0.16.1
Check: for non-standard things in the check directory
Result: NOTE
    Found the following files/directories:
     '.future'
Flavors: r-devel-linux-x86_64-debian-clang, r-devel-linux-x86_64-debian-gcc, r-devel-linux-x86_64-fedora-clang, r-devel-linux-x86_64-fedora-gcc

Version: 0.16.1
Check: tests
Result: FAIL
    
Flavor: r-release-osx-x86_64