CRAN Package Check Results for Package fuser

Last updated on 2019-10-13 23:47:20 CEST.

Flavor Version Tinstall Tcheck Ttotal Status Flags
r-devel-linux-x86_64-debian-clang 1.0.1 32.35 94.24 126.59 OK
r-devel-linux-x86_64-debian-gcc 1.0.1 23.78 76.60 100.38 OK
r-devel-linux-x86_64-fedora-clang 1.0.1 163.31 OK
r-devel-linux-x86_64-fedora-gcc 1.0.1 160.67 OK
r-devel-windows-ix86+x86_64 1.0.1 53.00 244.00 297.00 OK
r-patched-linux-x86_64 1.0.1 30.15 92.25 122.40 OK
r-patched-solaris-x86 1.0.1 253.80 OK
r-release-linux-x86_64 1.0.1 29.03 92.66 121.69 OK
r-release-windows-ix86+x86_64 1.0.1 85.00 159.00 244.00 OK
r-release-osx-x86_64 1.0.1 NOTE
r-oldrel-windows-ix86+x86_64 1.0.1 48.00 152.00 200.00 OK
r-oldrel-osx-x86_64 1.0.1 NOTE

Check Details

Version: 1.0.1
Check: installed package size
Result: NOTE
     installed size is 5.2Mb
     sub-directories of 1Mb or more:
     libs 4.9Mb
Flavors: r-release-osx-x86_64, r-oldrel-osx-x86_64