CRAN Package Check Results for Package fuser

Last updated on 2020-05-24 23:47:43 CEST.

Flavor Version Tinstall Tcheck Ttotal Status Flags
r-devel-linux-x86_64-debian-clang 1.0.1 37.46 318.04 355.50 OK
r-devel-linux-x86_64-debian-gcc 1.0.1 27.81 232.07 259.88 OK
r-devel-linux-x86_64-fedora-clang 1.0.1 464.50 OK
r-devel-linux-x86_64-fedora-gcc 1.0.1 463.56 OK
r-devel-windows-ix86+x86_64 1.0.1 87.00 826.00 913.00 OK
r-patched-linux-x86_64 1.0.1 31.76 289.00 320.76 OK
r-patched-solaris-x86 1.0.1 1207.20 OK
r-release-linux-x86_64 1.0.1 30.48 335.91 366.39 OK
r-release-osx-x86_64 1.0.1 NOTE
r-release-windows-ix86+x86_64 1.0.1 66.00 836.00 902.00 OK
r-oldrel-osx-x86_64 1.0.1 NOTE
r-oldrel-windows-ix86+x86_64 1.0.1 68.00 782.00 850.00 OK

Check Details

Version: 1.0.1
Check: installed package size
Result: NOTE
     installed size is 5.3Mb
     sub-directories of 1Mb or more:
     libs 5.1Mb
Flavors: r-release-osx-x86_64, r-oldrel-osx-x86_64