CRAN Package Check Results for Package functional

Last updated on 2020-11-25 23:51:37 CET.

Flavor Version Tinstall Tcheck Ttotal Status Flags
r-devel-linux-x86_64-debian-clang 0.6 1.93 21.05 22.98 NOTE
r-devel-linux-x86_64-debian-gcc 0.6 1.36 16.11 17.47 NOTE
r-devel-linux-x86_64-fedora-clang 0.6 34.19 NOTE
r-devel-linux-x86_64-fedora-gcc 0.6 24.34 NOTE
r-devel-windows-ix86+x86_64 0.6 4.00 34.00 38.00 NOTE
r-patched-linux-x86_64 0.6 1.97 20.74 22.71 NOTE
r-patched-solaris-x86 0.6 38.00 NOTE
r-release-linux-x86_64 0.6 1.95 20.74 22.69 NOTE
r-release-macos-x86_64 0.6 NOTE
r-release-windows-ix86+x86_64 0.6 3.00 25.00 28.00 NOTE
r-oldrel-macos-x86_64 0.6 NOTE
r-oldrel-windows-ix86+x86_64 0.6 3.00 43.00 46.00 NOTE

Check Details

Version: 0.6
Check: DESCRIPTION meta-information
Result: NOTE
    Malformed Description field: should contain one or more complete sentences.
Flavors: r-devel-linux-x86_64-debian-clang, r-devel-linux-x86_64-debian-gcc, r-devel-linux-x86_64-fedora-clang, r-devel-linux-x86_64-fedora-gcc, r-devel-windows-ix86+x86_64, r-patched-linux-x86_64, r-patched-solaris-x86, r-release-linux-x86_64, r-release-macos-x86_64, r-release-windows-ix86+x86_64, r-oldrel-macos-x86_64, r-oldrel-windows-ix86+x86_64