CRAN Package Check Results for Package funFEM

Last updated on 2019-08-11 23:47:29 CEST.

Flavor Version Tinstall Tcheck Ttotal Status Flags
r-devel-linux-x86_64-debian-clang 1.1 6.94 57.23 64.17 NOTE
r-devel-linux-x86_64-debian-gcc 1.1 6.76 44.85 51.61 NOTE
r-devel-linux-x86_64-fedora-clang 1.1 74.43 NOTE
r-devel-linux-x86_64-fedora-gcc 1.1 72.95 NOTE
r-devel-windows-ix86+x86_64 1.1 22.00 65.00 87.00 NOTE
r-patched-linux-x86_64 1.1 6.51 54.95 61.46 NOTE
r-patched-solaris-x86 1.1 118.00 NOTE
r-release-linux-x86_64 1.1 6.50 54.62 61.12 NOTE
r-release-windows-ix86+x86_64 1.1 20.00 67.00 87.00 NOTE
r-release-osx-x86_64 1.1 NOTE
r-oldrel-windows-ix86+x86_64 1.1 12.00 84.00 96.00 NOTE
r-oldrel-osx-x86_64 1.1 NOTE

Check Details

Version: 1.1
Check: R code for possible problems
Result: NOTE
    .FunFEM.main: no visible global function definition for 'kmeans'
    .FunFEM.main: no visible global function definition for 'rmultinom'
    .FunFEM.main: no visible global function definition for 'cutree'
    .FunFEM.main: no visible global function definition for 'hclust'
    .FunFEM.main: no visible global function definition for 'dist'
    .FunFEM.main: no visible global function definition for 'par'
    .FunFEM.main: no visible global function definition for 'plot'
    .mstep: no visible global function definition for 'cov'
    Undefined global functions or variables:
     cov cutree dist hclust kmeans par plot rmultinom
    Consider adding
     importFrom("graphics", "par", "plot")
     importFrom("stats", "cov", "cutree", "dist", "hclust", "kmeans",
     "rmultinom")
    to your NAMESPACE file.
Flavors: r-devel-linux-x86_64-debian-clang, r-devel-linux-x86_64-debian-gcc, r-devel-linux-x86_64-fedora-clang, r-devel-linux-x86_64-fedora-gcc, r-devel-windows-ix86+x86_64, r-patched-linux-x86_64, r-patched-solaris-x86, r-release-linux-x86_64, r-release-windows-ix86+x86_64, r-release-osx-x86_64, r-oldrel-windows-ix86+x86_64, r-oldrel-osx-x86_64

Version: 1.1
Check: data for non-ASCII characters
Result: NOTE
     Note: found 120 marked UTF-8 strings
Flavors: r-devel-linux-x86_64-fedora-clang, r-devel-linux-x86_64-fedora-gcc, r-patched-solaris-x86, r-release-osx-x86_64, r-oldrel-osx-x86_64