Last updated on 2022-07-04 23:53:24 CEST.
Flavor | Version | Tinstall | Tcheck | Ttotal | Status | Flags |
---|---|---|---|---|---|---|
r-devel-linux-x86_64-debian-clang | 6.1 | 35.78 | 301.88 | 337.66 | NOTE | |
r-devel-linux-x86_64-debian-gcc | 6.1 | 26.21 | 216.70 | 242.91 | NOTE | |
r-devel-linux-x86_64-fedora-clang | 6.1 | 412.75 | NOTE | |||
r-devel-linux-x86_64-fedora-gcc | 6.1 | 398.70 | NOTE | |||
r-devel-windows-x86_64 | 6.1 | 60.00 | 383.00 | 443.00 | NOTE | |
r-patched-linux-x86_64 | 6.1 | 40.81 | 280.92 | 321.73 | OK | |
r-release-linux-x86_64 | 6.1 | 28.01 | 278.26 | 306.27 | OK | |
r-release-macos-arm64 | 6.1 | 107.00 | OK | |||
r-release-macos-x86_64 | 6.1 | 177.00 | NOTE | |||
r-release-windows-x86_64 | 6.1 | 68.00 | 384.00 | 452.00 | OK | |
r-oldrel-macos-arm64 | 6.1 | 108.00 | OK | |||
r-oldrel-macos-x86_64 | 6.1 | 155.00 | OK | |||
r-oldrel-windows-ix86+x86_64 | 6.1 | 66.00 | 332.00 | 398.00 | OK |
Version: 6.1
Check: Rd files
Result: NOTE
checkRd: (-1) mean.fts.Rd:37: Escaped LaTeX specials: \&
checkRd: (-1) median.fts.Rd:41: Escaped LaTeX specials: \&
checkRd: (-1) plot.fm.Rd:38: Escaped LaTeX specials: \&
checkRd: (-1) residuals.fm.Rd:21: Escaped LaTeX specials: \&
checkRd: (-1) sd.fts.Rd:42: Escaped LaTeX specials: \&
checkRd: (-1) var.fts.Rd:38: Escaped LaTeX specials: \&
Flavors: r-devel-linux-x86_64-debian-clang, r-devel-linux-x86_64-debian-gcc, r-devel-linux-x86_64-fedora-clang, r-devel-linux-x86_64-fedora-gcc, r-devel-windows-x86_64
Version: 6.1
Check: package dependencies
Result: NOTE
Package suggested but not available for checking: ‘R2jags’
Flavor: r-release-macos-x86_64