CRAN Package Check Results for Package fs

Last updated on 2020-05-24 23:47:43 CEST.

Flavor Version Tinstall Tcheck Ttotal Status Flags
r-devel-linux-x86_64-debian-clang 1.4.1 40.99 38.43 79.42 NOTE
r-devel-linux-x86_64-debian-gcc 1.4.1 27.46 34.20 61.66 NOTE
r-devel-linux-x86_64-fedora-clang 1.4.1 108.89 NOTE
r-devel-linux-x86_64-fedora-gcc 1.4.1 106.84 NOTE
r-devel-windows-ix86+x86_64 1.4.1 154.00 71.00 225.00 NOTE
r-patched-linux-x86_64 1.4.1 29.81 44.23 74.04 NOTE
r-patched-solaris-x86 1.4.1 102.50 NOTE
r-release-linux-x86_64 1.4.1 29.67 43.95 73.62 NOTE
r-release-osx-x86_64 1.4.1 WARN
r-release-windows-ix86+x86_64 1.4.1 127.00 91.00 218.00 NOTE
r-oldrel-osx-x86_64 1.4.1 NOTE
r-oldrel-windows-ix86+x86_64 1.4.1 193.00 97.00 290.00 NOTE

Check Details

Version: 1.4.1
Check: for GNU extensions in Makefiles
Result: NOTE
    GNU make is a SystemRequirements.
Flavors: r-devel-linux-x86_64-debian-clang, r-devel-linux-x86_64-debian-gcc, r-devel-linux-x86_64-fedora-clang, r-devel-linux-x86_64-fedora-gcc, r-devel-windows-ix86+x86_64, r-patched-linux-x86_64, r-patched-solaris-x86, r-release-linux-x86_64, r-release-osx-x86_64, r-release-windows-ix86+x86_64, r-oldrel-osx-x86_64, r-oldrel-windows-ix86+x86_64

Version: 1.4.1
Check: re-building of vignette outputs
Result: WARN
    Error(s) in re-building vignettes:
     ...
    --- re-building ‘function-comparisons.Rmd’ using rmarkdown
    Error: processing vignette 'function-comparisons.Rmd' failed with diagnostics:
    there is no package called 'stringi'
    --- failed re-building ‘function-comparisons.Rmd’
    
    SUMMARY: processing the following file failed:
     ‘function-comparisons.Rmd’
    
    Error: Vignette re-building failed.
    Execution halted
Flavor: r-release-osx-x86_64