CRAN Package Check Results for Package fromo

Last updated on 2022-06-28 23:54:04 CEST.

Flavor Version Tinstall Tcheck Ttotal Status Flags
r-devel-linux-x86_64-debian-clang 0.2.1 393.00 52.76 445.76 OK
r-devel-linux-x86_64-debian-gcc 0.2.1 293.80 44.95 338.75 OK
r-devel-linux-x86_64-fedora-clang 0.2.1 676.66 NOTE
r-devel-linux-x86_64-fedora-gcc 0.2.1 538.64 OK
r-devel-windows-x86_64 0.2.1 193.00 135.00 328.00 OK
r-patched-linux-x86_64 0.2.1 288.67 56.99 345.66 OK
r-release-linux-x86_64 0.2.1 286.87 55.98 342.85 OK
r-release-macos-arm64 0.2.1 143.00 NOTE
r-release-macos-x86_64 0.2.1 217.00 NOTE
r-release-windows-x86_64 0.2.1 185.00 137.00 322.00 OK
r-oldrel-macos-arm64 0.2.1 169.00 NOTE
r-oldrel-macos-x86_64 0.2.1 283.00 NOTE
r-oldrel-windows-ix86+x86_64 0.2.1 658.00 142.00 800.00 NOTE

Check Details

Version: 0.2.1
Check: installed package size
Result: NOTE
     installed size is 30.3Mb
     sub-directories of 1Mb or more:
     libs 29.8Mb
Flavors: r-devel-linux-x86_64-fedora-clang, r-release-macos-arm64, r-release-macos-x86_64, r-oldrel-macos-arm64, r-oldrel-macos-x86_64, r-oldrel-windows-ix86+x86_64