CRAN Package Check Results for Package freetypeharfbuzz

Last updated on 2020-11-25 23:51:37 CET.

Flavor Version Tinstall Tcheck Ttotal Status Flags
r-devel-linux-x86_64-debian-clang 0.2.5 214.03 23.76 237.79 OK
r-devel-linux-x86_64-debian-gcc 0.2.5 209.63 19.06 228.69 OK
r-devel-linux-x86_64-fedora-clang 0.2.5 268.74 NOTE
r-devel-linux-x86_64-fedora-gcc 0.2.5 231.25 NOTE
r-devel-windows-ix86+x86_64 0.2.5 16.00 56.00 72.00 OK
r-patched-linux-x86_64 0.2.5 251.93 22.44 274.37 OK
r-patched-solaris-x86 0.2.5 189.10 OK
r-release-linux-x86_64 0.2.5 248.94 22.70 271.64 OK
r-release-macos-x86_64 0.2.5 NOTE
r-release-windows-ix86+x86_64 0.2.5 18.00 51.00 69.00 OK
r-oldrel-macos-x86_64 0.2.5 NOTE
r-oldrel-windows-ix86+x86_64 0.2.5 14.00 46.00 60.00 OK

Additional issues

clang-UBSAN gcc-UBSAN LTO

Check Details

Version: 0.2.5
Check: installed package size
Result: NOTE
     installed size is 6.7Mb
     sub-directories of 1Mb or more:
     libs 6.6Mb
Flavors: r-devel-linux-x86_64-fedora-clang, r-release-macos-x86_64, r-oldrel-macos-x86_64

Version: 0.2.5
Check: top-level files
Result: NOTE
    ‘configure’: ‘env bash’ is not portable as bash need not be installed
Flavors: r-devel-linux-x86_64-fedora-clang, r-devel-linux-x86_64-fedora-gcc

Version: 0.2.5
Check: for GNU extensions in Makefiles
Result: NOTE
    GNU make is a SystemRequirements.
Flavors: r-devel-linux-x86_64-fedora-clang, r-devel-linux-x86_64-fedora-gcc