Last updated on 2021-02-26 23:49:04 CET.
Flavor | Version | Tinstall | Tcheck | Ttotal | Status | Flags |
---|---|---|---|---|---|---|
r-devel-linux-x86_64-debian-clang | 0.2.6 | 171.66 | 22.20 | 193.86 | OK | |
r-devel-linux-x86_64-debian-gcc | 0.2.6 | 111.23 | 17.42 | 128.65 | OK | |
r-devel-linux-x86_64-fedora-clang | 0.2.6 | 269.14 | NOTE | |||
r-devel-linux-x86_64-fedora-gcc | 0.2.6 | 232.81 | NOTE | |||
r-devel-windows-ix86+x86_64 | 0.2.6 | 15.00 | 36.00 | 51.00 | OK | |
r-patched-linux-x86_64 | 0.2.6 | 135.58 | 21.28 | 156.86 | OK | |
r-patched-solaris-x86 | 0.2.6 | 229.20 | WARN | |||
r-release-linux-x86_64 | 0.2.6 | 127.30 | 21.27 | 148.57 | OK | |
r-release-macos-x86_64 | 0.2.6 | NOTE | ||||
r-release-windows-ix86+x86_64 | 0.2.6 | 18.00 | 55.00 | 73.00 | OK | |
r-oldrel-macos-x86_64 | 0.2.6 | NOTE | ||||
r-oldrel-windows-ix86+x86_64 | 0.2.6 | 13.00 | 57.00 | 70.00 | OK |
Version: 0.2.6
Check: installed package size
Result: NOTE
installed size is 6.7Mb
sub-directories of 1Mb or more:
libs 6.6Mb
Flavors: r-devel-linux-x86_64-fedora-clang, r-release-macos-x86_64, r-oldrel-macos-x86_64
Version: 0.2.6
Check: for GNU extensions in Makefiles
Result: NOTE
GNU make is a SystemRequirements.
Flavors: r-devel-linux-x86_64-fedora-clang, r-devel-linux-x86_64-fedora-gcc
Version: 0.2.6
Check: whether package can be installed
Result: WARN
Found the following significant warnings:
WARNING: 'autoconf' is missing on your system.
Flavor: r-patched-solaris-x86