CRAN Package Check Results for Package fractional

Last updated on 2022-06-24 23:50:11 CEST.

Flavor Version Tinstall Tcheck Ttotal Status Flags
r-devel-linux-x86_64-debian-clang 0.1.3 20.54 38.28 58.82 NOTE
r-devel-linux-x86_64-debian-gcc 0.1.3 14.55 29.41 43.96 NOTE
r-devel-linux-x86_64-fedora-clang 0.1.3 85.59 NOTE
r-devel-linux-x86_64-fedora-gcc 0.1.3 79.25 NOTE
r-devel-windows-x86_64 0.1.3 32.00 87.00 119.00 NOTE
r-patched-linux-x86_64 0.1.3 15.91 36.59 52.50 NOTE
r-release-linux-x86_64 0.1.3 15.55 36.69 52.24 NOTE
r-release-macos-arm64 0.1.3 27.00 NOTE
r-release-macos-x86_64 0.1.3 37.00 NOTE
r-release-windows-x86_64 0.1.3 32.00 89.00 121.00 NOTE
r-oldrel-macos-arm64 0.1.3 32.00 NOTE
r-oldrel-macos-x86_64 0.1.3 51.00 NOTE
r-oldrel-windows-ix86+x86_64 0.1.3 45.00 87.00 132.00 NOTE

Check Details

Version: 0.1.3
Check: LazyData
Result: NOTE
     'LazyData' is specified without a 'data' directory
Flavors: r-devel-linux-x86_64-debian-clang, r-devel-linux-x86_64-debian-gcc, r-devel-linux-x86_64-fedora-clang, r-devel-linux-x86_64-fedora-gcc, r-devel-windows-x86_64, r-patched-linux-x86_64, r-release-linux-x86_64, r-release-macos-arm64, r-release-macos-x86_64, r-release-windows-x86_64, r-oldrel-macos-arm64, r-oldrel-macos-x86_64, r-oldrel-windows-ix86+x86_64

Version: 0.1.3
Check: compiled code
Result: NOTE
    File ‘fractional/libs/fractional.so’:
     Found no calls to: ‘R_registerRoutines’, ‘R_useDynamicSymbols’
    
    It is good practice to register native routines and to disable symbol
    search.
    
    See ‘Writing portable packages’ in the ‘Writing R Extensions’ manual.
Flavors: r-devel-linux-x86_64-fedora-clang, r-devel-linux-x86_64-fedora-gcc