CRAN Package Check Results for Package fplot

Last updated on 2024-06-19 00:49:28 CEST.

Flavor Version Tinstall Tcheck Ttotal Status Flags
r-devel-linux-x86_64-debian-clang 1.1.0 46.33 69.38 115.71 NOTE
r-devel-linux-x86_64-debian-gcc 1.1.0 26.92 50.75 77.67 NOTE
r-devel-linux-x86_64-fedora-clang 1.1.0 161.02 NOTE
r-devel-linux-x86_64-fedora-gcc 1.1.0 148.44 NOTE
r-devel-windows-x86_64 1.1.0 32.00 84.00 116.00 NOTE
r-patched-linux-x86_64 1.1.0 37.18 67.16 104.34 NOTE
r-release-linux-x86_64 1.1.0 31.35 66.57 97.92 NOTE
r-release-macos-arm64 1.1.0 41.00 NOTE
r-release-macos-x86_64 1.1.0 61.00 NOTE
r-release-windows-x86_64 1.1.0 31.00 91.00 122.00 NOTE
r-oldrel-macos-arm64 1.1.0 43.00 OK
r-oldrel-macos-x86_64 1.1.0 114.00 OK
r-oldrel-windows-x86_64 1.1.0 39.00 103.00 142.00 OK

Check Details

Version: 1.1.0
Check: Rd files
Result: NOTE checkRd: (-1) plot_lines.Rd:66: Lost braces 66 | moderator. By default it is equal to \8code{c(19, 17, 15, 8, 5, 4, 3, 1)}.} | ^ Flavors: r-devel-linux-x86_64-debian-clang, r-devel-linux-x86_64-debian-gcc, r-devel-linux-x86_64-fedora-clang, r-devel-linux-x86_64-fedora-gcc, r-devel-windows-x86_64, r-patched-linux-x86_64, r-release-linux-x86_64, r-release-macos-arm64, r-release-macos-x86_64, r-release-windows-x86_64