Last updated on 2025-01-16 00:49:31 CET.
Flavor | Version | Tinstall | Tcheck | Ttotal | Status | Flags |
---|---|---|---|---|---|---|
r-devel-linux-x86_64-debian-clang | 1.1.0 | 26.22 | 53.38 | 79.60 | NOTE | |
r-devel-linux-x86_64-debian-gcc | 1.1.0 | 13.46 | 38.95 | 52.41 | NOTE | |
r-devel-linux-x86_64-fedora-clang | 1.1.0 | 134.64 | NOTE | |||
r-devel-linux-x86_64-fedora-gcc | 1.1.0 | 134.02 | NOTE | |||
r-devel-windows-x86_64 | 1.1.0 | 24.00 | 89.00 | 113.00 | NOTE | |
r-patched-linux-x86_64 | 1.1.0 | 19.53 | 49.79 | 69.32 | NOTE | |
r-release-linux-x86_64 | 1.1.0 | 17.48 | 49.85 | 67.33 | NOTE | |
r-release-macos-arm64 | 1.1.0 | 41.00 | NOTE | |||
r-release-macos-x86_64 | 1.1.0 | 61.00 | NOTE | |||
r-release-windows-x86_64 | 1.1.0 | 22.00 | 88.00 | 110.00 | NOTE | |
r-oldrel-macos-arm64 | 1.1.0 | 43.00 | OK | |||
r-oldrel-macos-x86_64 | 1.1.0 | 114.00 | OK | |||
r-oldrel-windows-x86_64 | 1.1.0 | 30.00 | 96.00 | 126.00 | OK |
Version: 1.1.0
Check: Rd files
Result: NOTE
checkRd: (-1) plot_lines.Rd:66: Lost braces
66 | moderator. By default it is equal to \8code{c(19, 17, 15, 8, 5, 4, 3, 1)}.}
| ^
Flavors: r-devel-linux-x86_64-debian-clang, r-devel-linux-x86_64-debian-gcc, r-devel-linux-x86_64-fedora-clang, r-devel-linux-x86_64-fedora-gcc, r-devel-windows-x86_64, r-patched-linux-x86_64, r-release-linux-x86_64, r-release-macos-arm64, r-release-macos-x86_64, r-release-windows-x86_64