CRAN Package Check Results for Package forestr

Last updated on 2020-05-24 23:47:43 CEST.

Flavor Version Tinstall Tcheck Ttotal Status Flags
r-devel-linux-x86_64-debian-clang 2.0.2 4.02 34.23 38.25 OK
r-devel-linux-x86_64-debian-gcc 2.0.2 3.44 26.93 30.37 OK
r-devel-linux-x86_64-fedora-clang 2.0.2 45.44 NOTE
r-devel-linux-x86_64-fedora-gcc 2.0.2 45.12 NOTE
r-devel-windows-ix86+x86_64 2.0.2 18.00 45.00 63.00 OK
r-patched-linux-x86_64 2.0.2 4.68 34.29 38.97 OK
r-patched-solaris-x86 2.0.2 66.30 NOTE
r-release-linux-x86_64 2.0.2 4.59 33.99 38.58 OK
r-release-osx-x86_64 2.0.2 NOTE
r-release-windows-ix86+x86_64 2.0.2 19.00 67.00 86.00 OK
r-oldrel-osx-x86_64 2.0.2 NOTE
r-oldrel-windows-ix86+x86_64 2.0.2 8.00 70.00 78.00 OK

Check Details

Version: 2.0.2
Check: dependencies in R code
Result: NOTE
    Namespaces in Imports field not imported from:
     ‘tibble’ ‘viridis’
     All declared Imports should be used.
Flavors: r-devel-linux-x86_64-fedora-clang, r-devel-linux-x86_64-fedora-gcc, r-patched-solaris-x86, r-release-osx-x86_64, r-oldrel-osx-x86_64