CRAN Package Check Results for Package forestr

Last updated on 2020-10-27 23:48:27 CET.

Flavor Version Tinstall Tcheck Ttotal Status Flags
r-devel-linux-x86_64-debian-clang 2.0.2 4.53 36.97 41.50 OK
r-devel-linux-x86_64-debian-gcc 2.0.2 3.30 27.49 30.79 OK
r-devel-linux-x86_64-fedora-clang 2.0.2 55.85 NOTE
r-devel-linux-x86_64-fedora-gcc 2.0.2 46.07 NOTE
r-devel-windows-ix86+x86_64 2.0.2 11.00 52.00 63.00 OK
r-patched-linux-x86_64 2.0.2 OK
r-patched-solaris-x86 2.0.2 68.30 NOTE
r-release-linux-x86_64 2.0.2 3.72 34.02 37.74 OK
r-release-macos-x86_64 2.0.2 NOTE
r-release-windows-ix86+x86_64 2.0.2 7.00 40.00 47.00 OK
r-oldrel-macos-x86_64 2.0.2 NOTE
r-oldrel-windows-ix86+x86_64 2.0.2 8.00 51.00 59.00 OK

Check Details

Version: 2.0.2
Check: dependencies in R code
Result: NOTE
    Namespaces in Imports field not imported from:
     ‘tibble’ ‘viridis’
     All declared Imports should be used.
Flavors: r-devel-linux-x86_64-fedora-clang, r-devel-linux-x86_64-fedora-gcc, r-patched-solaris-x86, r-release-macos-x86_64, r-oldrel-macos-x86_64