CRAN Package Check Results for Package forestr

Last updated on 2019-10-13 23:47:20 CEST.

Flavor Version Tinstall Tcheck Ttotal Status Flags
r-devel-linux-x86_64-debian-clang 1.0.1 4.19 42.59 46.78 NOTE
r-devel-linux-x86_64-debian-gcc 1.0.1 3.47 33.41 36.88 NOTE
r-devel-linux-x86_64-fedora-clang 1.0.1 56.44 NOTE
r-devel-linux-x86_64-fedora-gcc 1.0.1 55.13 NOTE
r-devel-windows-ix86+x86_64 1.0.1 10.00 57.00 67.00 OK
r-patched-linux-x86_64 1.0.1 3.30 41.46 44.76 OK
r-patched-solaris-x86 1.0.1 82.30 OK
r-release-linux-x86_64 1.0.1 3.78 41.47 45.25 OK
r-release-windows-ix86+x86_64 1.0.1 12.00 50.00 62.00 OK
r-release-osx-x86_64 1.0.1 OK
r-oldrel-windows-ix86+x86_64 1.0.1 6.00 55.00 61.00 OK
r-oldrel-osx-x86_64 1.0.1 OK

Check Details

Version: 1.0.1
Check: for non-standard things in the check directory
Result: NOTE
    Found the following files/directories:
     'output'
Flavors: r-devel-linux-x86_64-debian-clang, r-devel-linux-x86_64-debian-gcc, r-devel-linux-x86_64-fedora-clang, r-devel-linux-x86_64-fedora-gcc