CRAN Package Check Results for Package forestplot

Last updated on 2020-09-22 23:53:09 CEST.

Flavor Version Tinstall Tcheck Ttotal Status Flags
r-devel-linux-x86_64-debian-clang 1.10 6.39 50.34 56.73 OK
r-devel-linux-x86_64-debian-gcc 1.10 4.17 39.76 43.93 OK
r-devel-linux-x86_64-fedora-clang 1.10 74.38 NOTE
r-devel-linux-x86_64-fedora-gcc 1.10 67.63 OK
r-devel-windows-ix86+x86_64 1.10 10.00 69.00 79.00 OK
r-patched-linux-x86_64 1.10 4.87 47.98 52.85 OK
r-patched-solaris-x86 1.10 90.60 OK
r-release-linux-x86_64 1.10 5.58 49.13 54.71 OK
r-release-macos-x86_64 1.10 OK
r-release-windows-ix86+x86_64 1.10 8.00 76.00 84.00 OK
r-oldrel-macos-x86_64 1.10 OK
r-oldrel-windows-ix86+x86_64 1.10 7.00 71.00 78.00 OK

Check Details

Version: 1.10
Check: Rd cross-references
Result: NOTE
    Undeclared package ‘rmeta’ in Rd xrefs
Flavor: r-devel-linux-x86_64-fedora-clang