CRAN Package Check Results for Package foreign

Last updated on 2020-12-02 23:51:04 CET.

Flavor Version Tinstall Tcheck Ttotal Status Flags
r-devel-linux-x86_64-debian-clang 0.8-80 9.21 35.90 45.11 OK
r-devel-linux-x86_64-debian-gcc 0.8-80 6.80 30.22 37.02 OK
r-devel-linux-x86_64-fedora-clang 0.8-80 63.17 OK
r-devel-linux-x86_64-fedora-gcc 0.8-80 53.39 OK
r-devel-windows-ix86+x86_64 0.8-80 30.00 62.00 92.00 OK
r-patched-linux-x86_64 0.8-80 8.83 36.88 45.71 OK
r-patched-solaris-x86 0.8-80 OK
r-release-linux-x86_64 0.8-80 6.65 35.72 42.37 OK
r-release-macos-x86_64 0.8-80 OK
r-release-windows-ix86+x86_64 0.8-80 27.00 52.00 79.00 OK
r-oldrel-macos-x86_64 0.8-80 ERROR
r-oldrel-windows-ix86+x86_64 0.8-76 44.00 87.00 131.00 OK

Check Details

Version: 0.8-80
Check: whether package can be installed
Result: ERROR
    Installation failed.
Flavor: r-oldrel-macos-x86_64