CRAN Package Check Results for Package foodweb

Last updated on 2019-05-27 02:51:02 CEST.

Flavor Version Tinstall Tcheck Ttotal Status Flags
r-devel-linux-x86_64-debian-clang 1-0 3.49 32.62 36.11 NOTE
r-devel-linux-x86_64-debian-gcc 1-0 2.77 26.20 28.97 NOTE
r-devel-linux-x86_64-fedora-clang 1-0 43.32 NOTE
r-devel-linux-x86_64-fedora-gcc 1-0 41.43 NOTE
r-devel-windows-ix86+x86_64 1-0 8.00 61.00 69.00 NOTE
r-patched-linux-x86_64 1-0 NOTE
r-patched-solaris-x86 1-0 66.90 NOTE
r-release-linux-x86_64 1-0 3.42 32.75 36.17 NOTE
r-release-windows-ix86+x86_64 1-0 14.00 46.00 60.00 NOTE
r-release-osx-x86_64 1-0 WARN
r-oldrel-windows-ix86+x86_64 1-0 12.00 43.00 55.00 NOTE
r-oldrel-osx-x86_64 1-0 NOTE

Check Details

Version: 1-0
Check: dependencies in R code
Result: NOTE
    'library' or 'require' call to 'rgl' which was already attached by Depends.
     Please remove these calls from your code.
Flavors: r-devel-linux-x86_64-debian-clang, r-devel-linux-x86_64-debian-gcc, r-devel-linux-x86_64-fedora-clang, r-devel-linux-x86_64-fedora-gcc, r-devel-windows-ix86+x86_64, r-patched-linux-x86_64, r-patched-solaris-x86, r-release-linux-x86_64, r-release-windows-ix86+x86_64, r-release-osx-x86_64, r-oldrel-windows-ix86+x86_64, r-oldrel-osx-x86_64

Version: 1-0
Check: R code for possible problems
Result: NOTE
    analyse.list: no visible binding for '<<-' assignment to 'files'
    analyse.list: no visible global function definition for 'read.table'
    analyse.list: no visible global function definition for 'write.table'
    analyse.list: no visible binding for global variable 'files'
    analyse.list: no visible binding for '<<-' assignment to 'foodweb'
    analyse.list: no visible binding for '<<-' assignment to 'name'
    analyse.list: no visible binding for global variable 'foodweb'
    analyse.list: no visible binding for global variable 'name'
    analyse.list: no visible binding for global variable 'indices'
    analyse.seq: no visible global function definition for 'read.table'
    analyse.seq: no visible global function definition for 'write.table'
    analyse.seq: no visible binding for global variable 'indices'
    analyse.single: no visible binding for global variable 'foodweb'
    analyse.single: no visible binding for '<<-' assignment to 'foodweb'
    analyse.single: no visible global function definition for 'read.table'
    analyse.single: no visible binding for '<<-' assignment to 'name'
    analyse.single: no visible binding for global variable 'name'
    analyse.single: no visible global function definition for 'write.table'
    analyse.single: no visible binding for global variable 'indices'
    analyse.single: no visible binding for global variable 'levels.l'
    analyse.single: no visible binding for global variable 'S'
    analyse.single: no visible binding for global variable 'omn.l'
    asym2sym: no visible global function definition for 'write.table'
    calculate.metrics: no visible binding for '<<-' assignment to 'S'
    calculate.metrics: no visible binding for global variable 'S'
    calculate.metrics: no visible global function definition for 'na.omit'
    calculate.metrics: no visible binding for '<<-' assignment to 'indices'
    calculate.metrics: no visible binding for global variable 'indices'
    mat.2.list: no visible global function definition for 'read.table'
    plotweb: no visible binding for global variable 'foodweb'
    plotweb: no visible binding for global variable 'S'
    Undefined global functions or variables:
     S files foodweb indices levels.l na.omit name omn.l read.table
     write.table
    Consider adding
     importFrom("stats", "na.omit")
     importFrom("utils", "read.table", "write.table")
    to your NAMESPACE file.
Flavors: r-devel-linux-x86_64-debian-clang, r-devel-linux-x86_64-debian-gcc, r-devel-linux-x86_64-fedora-clang, r-devel-linux-x86_64-fedora-gcc, r-devel-windows-ix86+x86_64, r-patched-linux-x86_64, r-patched-solaris-x86, r-release-linux-x86_64, r-release-windows-ix86+x86_64, r-release-osx-x86_64, r-oldrel-windows-ix86+x86_64, r-oldrel-osx-x86_64

Version: 1-0
Check: whether package can be installed
Result: WARN
    Found the following significant warnings:
     Warning: 'rgl_init' failed, running with rgl.useNULL = TRUE
Flavor: r-release-osx-x86_64