CRAN Package Check Results for Package foodweb

Last updated on 2019-03-19 02:49:56 CET.

Flavor Version Tinstall Tcheck Ttotal Status Flags
r-devel-linux-x86_64-debian-clang 1-0 3.54 32.40 35.94 NOTE
r-devel-linux-x86_64-debian-gcc 1-0 2.63 26.59 29.22 NOTE
r-devel-linux-x86_64-fedora-clang 1-0 43.81 NOTE
r-devel-linux-x86_64-fedora-gcc 1-0 41.02 NOTE
r-devel-windows-ix86+x86_64 1-0 16.00 71.00 87.00 NOTE
r-patched-linux-x86_64 1-0 2.17 31.41 33.58 NOTE
r-patched-solaris-x86 1-0 61.60 NOTE
r-release-linux-x86_64 1-0 2.31 31.12 33.43 NOTE
r-release-windows-ix86+x86_64 1-0 9.00 57.00 66.00 NOTE
r-release-osx-x86_64 1-0 NOTE
r-oldrel-windows-ix86+x86_64 1-0 6.00 65.00 71.00 NOTE
r-oldrel-osx-x86_64 1-0 NOTE

Check Details

Version: 1-0
Check: dependencies in R code
Result: NOTE
    'library' or 'require' call to 'rgl' which was already attached by Depends.
     Please remove these calls from your code.
Flavors: r-devel-linux-x86_64-debian-clang, r-devel-linux-x86_64-debian-gcc, r-devel-linux-x86_64-fedora-clang, r-devel-linux-x86_64-fedora-gcc, r-devel-windows-ix86+x86_64, r-patched-linux-x86_64, r-patched-solaris-x86, r-release-linux-x86_64, r-release-windows-ix86+x86_64, r-release-osx-x86_64, r-oldrel-windows-ix86+x86_64, r-oldrel-osx-x86_64

Version: 1-0
Check: R code for possible problems
Result: NOTE
    analyse.list: no visible binding for '<<-' assignment to 'files'
    analyse.list: no visible global function definition for 'read.table'
    analyse.list: no visible global function definition for 'write.table'
    analyse.list: no visible binding for global variable 'files'
    analyse.list: no visible binding for '<<-' assignment to 'foodweb'
    analyse.list: no visible binding for '<<-' assignment to 'name'
    analyse.list: no visible binding for global variable 'foodweb'
    analyse.list: no visible binding for global variable 'name'
    analyse.list: no visible binding for global variable 'indices'
    analyse.seq: no visible global function definition for 'read.table'
    analyse.seq: no visible global function definition for 'write.table'
    analyse.seq: no visible binding for global variable 'indices'
    analyse.single: no visible binding for global variable 'foodweb'
    analyse.single: no visible binding for '<<-' assignment to 'foodweb'
    analyse.single: no visible global function definition for 'read.table'
    analyse.single: no visible binding for '<<-' assignment to 'name'
    analyse.single: no visible binding for global variable 'name'
    analyse.single: no visible global function definition for 'write.table'
    analyse.single: no visible binding for global variable 'indices'
    analyse.single: no visible binding for global variable 'levels.l'
    analyse.single: no visible binding for global variable 'S'
    analyse.single: no visible binding for global variable 'omn.l'
    asym2sym: no visible global function definition for 'write.table'
    calculate.metrics: no visible binding for '<<-' assignment to 'S'
    calculate.metrics: no visible binding for global variable 'S'
    calculate.metrics: no visible global function definition for 'na.omit'
    calculate.metrics: no visible binding for '<<-' assignment to 'indices'
    calculate.metrics: no visible binding for global variable 'indices'
    mat.2.list: no visible global function definition for 'read.table'
    plotweb: no visible binding for global variable 'foodweb'
    plotweb: no visible binding for global variable 'S'
    Undefined global functions or variables:
     S files foodweb indices levels.l na.omit name omn.l read.table
     write.table
    Consider adding
     importFrom("stats", "na.omit")
     importFrom("utils", "read.table", "write.table")
    to your NAMESPACE file.
Flavors: r-devel-linux-x86_64-debian-clang, r-devel-linux-x86_64-debian-gcc, r-devel-linux-x86_64-fedora-clang, r-devel-linux-x86_64-fedora-gcc, r-devel-windows-ix86+x86_64, r-patched-linux-x86_64, r-patched-solaris-x86, r-release-linux-x86_64, r-release-windows-ix86+x86_64, r-release-osx-x86_64, r-oldrel-windows-ix86+x86_64, r-oldrel-osx-x86_64