CRAN Package Check Results for Package foieGras

Last updated on 2022-12-09 23:52:07 CET.

Flavor Version Tinstall Tcheck Ttotal Status Flags
r-devel-linux-x86_64-debian-clang 0.7-6 174.41 600.02 774.43 OK
r-devel-linux-x86_64-debian-gcc 0.7-6 152.16 445.78 597.94 OK
r-devel-linux-x86_64-fedora-clang 0.7-6 1010.41 OK
r-devel-linux-x86_64-fedora-gcc 0.7-6 992.85 OK
r-devel-windows-x86_64 0.7-6 140.00 653.00 793.00 NOTE
r-patched-linux-x86_64 0.7-6 155.82 574.33 730.15 OK
r-release-linux-x86_64 0.7-6 113.43 578.90 692.33 OK
r-release-macos-arm64 0.7-6 219.00 NOTE
r-release-macos-x86_64 0.7-6 377.00 NOTE
r-release-windows-x86_64 0.7-6 129.00 636.00 765.00 NOTE
r-oldrel-macos-arm64 0.7-6 247.00 NOTE
r-oldrel-macos-x86_64 0.7-6 295.00 NOTE
r-oldrel-windows-ix86+x86_64 0.7-6 343.00 897.00 1240.00 NOTE

Check Details

Version: 0.7-6
Check: installed package size
Result: NOTE
     installed size is 13.9Mb
     sub-directories of 1Mb or more:
     libs 12.9Mb
Flavors: r-devel-windows-x86_64, r-release-macos-arm64, r-release-macos-x86_64, r-release-windows-x86_64, r-oldrel-macos-arm64, r-oldrel-macos-x86_64, r-oldrel-windows-ix86+x86_64