CRAN Package Check Results for Package fmerPack

Last updated on 2022-06-25 23:56:18 CEST.

Flavor Version Tinstall Tcheck Ttotal Status Flags
r-devel-linux-x86_64-debian-clang 0.0-1 40.89 106.45 147.34 OK
r-devel-linux-x86_64-debian-gcc 0.0-1 34.91 78.99 113.90 OK
r-devel-linux-x86_64-fedora-clang 0.0-1 198.60 NOTE
r-devel-linux-x86_64-fedora-gcc 0.0-1 188.76 NOTE
r-devel-windows-x86_64 0.0-1 37.00 140.00 177.00 OK
r-patched-linux-x86_64 0.0-1 36.71 100.21 136.92 OK
r-release-linux-x86_64 0.0-1 37.27 100.88 138.15 OK
r-release-macos-arm64 0.0-1 49.00 NOTE
r-release-macos-x86_64 0.0-1 65.00 NOTE
r-release-windows-x86_64 0.0-1 39.00 137.00 176.00 OK
r-oldrel-macos-arm64 0.0-1 57.00 NOTE
r-oldrel-macos-x86_64 0.0-1 87.00 NOTE
r-oldrel-windows-ix86+x86_64 0.0-1 102.00 170.00 272.00 OK

Check Details

Version: 0.0-1
Check: dependencies in R code
Result: NOTE
    Namespace in Imports field not imported from: ‘MASS’
     All declared Imports should be used.
Flavors: r-devel-linux-x86_64-fedora-clang, r-devel-linux-x86_64-fedora-gcc, r-release-macos-arm64, r-release-macos-x86_64, r-oldrel-macos-arm64, r-oldrel-macos-x86_64