CRAN Package Check Results for Package flamingos

Last updated on 2020-05-24 23:47:43 CEST.

Flavor Version Tinstall Tcheck Ttotal Status Flags
r-devel-linux-x86_64-debian-clang 0.1.0 69.41 165.69 235.10 OK
r-devel-linux-x86_64-debian-gcc 0.1.0 53.40 122.60 176.00 OK
r-devel-linux-x86_64-fedora-clang 0.1.0 286.94 NOTE
r-devel-linux-x86_64-fedora-gcc 0.1.0 278.60 OK
r-devel-windows-ix86+x86_64 0.1.0 171.00 291.00 462.00 NOTE
r-patched-linux-x86_64 0.1.0 49.87 162.57 212.44 OK
r-patched-solaris-x86 0.1.0 433.50 NOTE
r-release-linux-x86_64 0.1.0 54.96 162.28 217.24 OK
r-release-osx-x86_64 0.1.0 NOTE
r-release-windows-ix86+x86_64 0.1.0 117.00 318.00 435.00 NOTE
r-oldrel-osx-x86_64 0.1.0 NOTE
r-oldrel-windows-ix86+x86_64 0.1.0 121.00 277.00 398.00 NOTE

Check Details

Version: 0.1.0
Check: installed package size
Result: NOTE
     installed size is 7.9Mb
     sub-directories of 1Mb or more:
     doc 1.9Mb
     help 2.3Mb
     libs 3.2Mb
Flavors: r-devel-linux-x86_64-fedora-clang, r-devel-windows-ix86+x86_64, r-patched-solaris-x86, r-release-osx-x86_64, r-release-windows-ix86+x86_64, r-oldrel-osx-x86_64, r-oldrel-windows-ix86+x86_64