CRAN Package Check Results for Package flamingos

Last updated on 2022-11-29 22:53:36 CET.

Flavor Version Tinstall Tcheck Ttotal Status Flags
r-devel-linux-x86_64-debian-clang 0.1.0 72.08 176.12 248.20 OK
r-devel-linux-x86_64-debian-gcc 0.1.0 53.63 125.15 178.78 OK
r-devel-linux-x86_64-fedora-clang 0.1.0 329.75 OK
r-devel-linux-x86_64-fedora-gcc 0.1.0 315.90 OK
r-devel-windows-x86_64 0.1.0 90.00 245.00 335.00 NOTE
r-patched-linux-x86_64 0.1.0 54.73 167.54 222.27 OK
r-release-linux-x86_64 0.1.0 58.62 168.26 226.88 OK
r-release-macos-arm64 0.1.0 72.00 NOTE
r-release-macos-x86_64 0.1.0 114.00 NOTE
r-release-windows-x86_64 0.1.0 95.00 247.00 342.00 NOTE
r-oldrel-macos-arm64 0.1.0 77.00 NOTE
r-oldrel-macos-x86_64 0.1.0 154.00 NOTE
r-oldrel-windows-ix86+x86_64 0.1.0 172.00 295.00 467.00 NOTE

Check Details

Version: 0.1.0
Check: installed package size
Result: NOTE
     installed size is 5.8Mb
     sub-directories of 1Mb or more:
     doc 1.9Mb
     help 2.3Mb
     libs 1.2Mb
Flavors: r-devel-windows-x86_64, r-release-macos-arm64, r-release-macos-x86_64, r-release-windows-x86_64, r-oldrel-macos-arm64, r-oldrel-macos-x86_64, r-oldrel-windows-ix86+x86_64