CRAN Package Check Results for Package flamingos

Last updated on 2019-10-13 23:47:20 CEST.

Flavor Version Tinstall Tcheck Ttotal Status Flags
r-devel-linux-x86_64-debian-clang 0.1.0 60.70 158.59 219.29 OK
r-devel-linux-x86_64-debian-gcc 0.1.0 46.61 116.76 163.37 OK
r-devel-linux-x86_64-fedora-clang 0.1.0 279.94 NOTE
r-devel-linux-x86_64-fedora-gcc 0.1.0 265.33 OK
r-devel-windows-ix86+x86_64 0.1.0 131.00 248.00 379.00 NOTE
r-patched-linux-x86_64 0.1.0 51.10 152.48 203.58 OK
r-patched-solaris-x86 0.1.0 421.10 NOTE
r-release-linux-x86_64 0.1.0 48.49 152.42 200.91 OK
r-release-windows-ix86+x86_64 0.1.0 150.00 247.00 397.00 NOTE
r-release-osx-x86_64 0.1.0 NOTE
r-oldrel-windows-ix86+x86_64 0.1.0 107.00 237.00 344.00 NOTE
r-oldrel-osx-x86_64 0.1.0 NOTE

Check Details

Version: 0.1.0
Check: installed package size
Result: NOTE
     installed size is 7.3Mb
     sub-directories of 1Mb or more:
     doc 1.9Mb
     help 2.3Mb
     libs 2.8Mb
Flavors: r-devel-linux-x86_64-fedora-clang, r-devel-windows-ix86+x86_64, r-patched-solaris-x86, r-release-windows-ix86+x86_64, r-release-osx-x86_64, r-oldrel-windows-ix86+x86_64, r-oldrel-osx-x86_64