CRAN Package Check Results for Package flair

Last updated on 2022-11-26 23:58:14 CET.

Flavor Version Tinstall Tcheck Ttotal Status Flags
r-devel-linux-x86_64-debian-clang 0.0.2 3.78 43.69 47.47 NOTE
r-devel-linux-x86_64-debian-gcc 0.0.2 3.40 33.52 36.92 NOTE
r-devel-linux-x86_64-fedora-clang 0.0.2 69.81 NOTE
r-devel-linux-x86_64-fedora-gcc 0.0.2 72.69 NOTE
r-devel-windows-x86_64 0.0.2 22.00 87.00 109.00 NOTE
r-patched-linux-x86_64 0.0.2 NOTE
r-release-linux-x86_64 0.0.2 4.32 40.32 44.64 NOTE
r-release-macos-arm64 0.0.2 23.00 NOTE
r-release-macos-x86_64 0.0.2 40.00 NOTE
r-release-windows-x86_64 0.0.2 29.00 75.00 104.00 NOTE
r-oldrel-macos-arm64 0.0.2 24.00 NOTE
r-oldrel-macos-x86_64 0.0.2 38.00 NOTE
r-oldrel-windows-ix86+x86_64 0.0.2 9.00 67.00 76.00 NOTE

Check Details

Version: 0.0.2
Check: LazyData
Result: NOTE
     'LazyData' is specified without a 'data' directory
Flavors: r-devel-linux-x86_64-debian-clang, r-devel-linux-x86_64-debian-gcc, r-devel-linux-x86_64-fedora-clang, r-devel-linux-x86_64-fedora-gcc, r-devel-windows-x86_64, r-patched-linux-x86_64, r-release-linux-x86_64, r-release-macos-arm64, r-release-macos-x86_64, r-release-windows-x86_64, r-oldrel-macos-arm64, r-oldrel-macos-x86_64, r-oldrel-windows-ix86+x86_64

Version: 0.0.2
Check: dependencies in R code
Result: NOTE
    Namespaces in Imports field not imported from:
     ‘dplyr’ ‘evaluate’ ‘ggplot2’
     All declared Imports should be used.
Flavors: r-devel-linux-x86_64-fedora-clang, r-devel-linux-x86_64-fedora-gcc, r-release-macos-arm64, r-release-macos-x86_64, r-oldrel-macos-arm64, r-oldrel-macos-x86_64