CRAN Package Check Results for Package fitbitViz

Last updated on 2022-07-05 23:55:40 CEST.

Flavor Version Tinstall Tcheck Ttotal Status Flags
r-devel-linux-x86_64-debian-clang 1.0.4 41.56 389.62 431.18 OK
r-devel-linux-x86_64-debian-gcc 1.0.4 33.95 280.71 314.66 OK
r-devel-linux-x86_64-fedora-clang 1.0.4 499.59 NOTE
r-devel-linux-x86_64-fedora-gcc 1.0.4 508.43 OK
r-devel-windows-x86_64 1.0.4 56.00 371.00 427.00 NOTE
r-patched-linux-x86_64 1.0.4 37.18 366.55 403.73 OK
r-release-linux-x86_64 1.0.4 28.86 370.14 399.00 OK
r-release-macos-arm64 1.0.4 115.00 NOTE
r-release-macos-x86_64 1.0.4 195.00 NOTE
r-release-windows-x86_64 1.0.4 44.00 380.00 424.00 NOTE
r-oldrel-macos-arm64 1.0.4 90.00 NOTE
r-oldrel-macos-x86_64 1.0.4 151.00 NOTE
r-oldrel-windows-ix86+x86_64 1.0.4 88.00 383.00 471.00 NOTE

Check Details

Version: 1.0.4
Check: package dependencies
Result: NOTE
    Imports includes 22 non-default packages.
    Importing from so many packages makes the package vulnerable to any of
    them becoming unavailable. Move as many as possible to Suggests and
    use conditionally.
Flavor: r-devel-linux-x86_64-fedora-clang

Version: 1.0.4
Check: installed package size
Result: NOTE
     installed size is 5.3Mb
     sub-directories of 1Mb or more:
     doc 4.1Mb
Flavors: r-devel-linux-x86_64-fedora-clang, r-devel-windows-x86_64, r-release-macos-arm64, r-release-macos-x86_64, r-release-windows-x86_64, r-oldrel-macos-arm64, r-oldrel-macos-x86_64, r-oldrel-windows-ix86+x86_64