CRAN Package Check Results for Package fishtree

Last updated on 2019-12-08 23:47:22 CET.

Flavor Version Tinstall Tcheck Ttotal Status Flags
r-devel-linux-x86_64-debian-clang 0.3.1 2.23 30.02 32.25 OK
r-devel-linux-x86_64-debian-gcc 0.3.1 1.90 24.69 26.59 OK
r-devel-linux-x86_64-fedora-clang 0.3.1 40.96 NOTE
r-devel-linux-x86_64-fedora-gcc 0.3.1 40.34 NOTE
r-devel-windows-ix86+x86_64 0.3.1 5.00 59.00 64.00 OK
r-devel-windows-ix86+x86_64-gcc8 0.3.1 6.00 44.00 50.00 OK
r-patched-linux-x86_64 0.3.1 1.92 29.40 31.32 OK
r-patched-solaris-x86 0.3.1 59.40 NOTE
r-release-linux-x86_64 0.3.1 2.03 28.64 30.67 OK
r-release-windows-ix86+x86_64 0.3.1 6.00 48.00 54.00 OK
r-release-osx-x86_64 0.3.1 NOTE
r-oldrel-windows-ix86+x86_64 0.3.1 3.00 41.00 44.00 OK
r-oldrel-osx-x86_64 0.3.1 NOTE

Check Details

Version: 0.3.1
Check: dependencies in R code
Result: NOTE
    Namespace in Imports field not imported from: ‘memoise’
     All declared Imports should be used.
Flavors: r-devel-linux-x86_64-fedora-clang, r-devel-linux-x86_64-fedora-gcc, r-patched-solaris-x86, r-release-osx-x86_64, r-oldrel-osx-x86_64