CRAN Package Check Results for Package fishtree

Last updated on 2019-08-18 23:47:33 CEST.

Flavor Version Tinstall Tcheck Ttotal Status Flags
r-devel-linux-x86_64-debian-clang 0.3.1 1.88 27.89 29.77 OK
r-devel-linux-x86_64-debian-gcc 0.3.1 1.86 23.53 25.39 OK
r-devel-linux-x86_64-fedora-clang 0.3.1 39.62 NOTE
r-devel-linux-x86_64-fedora-gcc 0.3.1 36.19 NOTE
r-devel-windows-ix86+x86_64 0.3.1 8.00 60.00 68.00 OK
r-patched-linux-x86_64 0.3.1 2.01 28.75 30.76 OK
r-patched-solaris-x86 0.3.1 56.90 NOTE
r-release-linux-x86_64 0.3.1 1.97 28.85 30.82 OK
r-release-windows-ix86+x86_64 0.3.1 4.00 46.00 50.00 OK
r-release-osx-x86_64 0.3.1 NOTE
r-oldrel-windows-ix86+x86_64 0.3.1 5.00 52.00 57.00 OK
r-oldrel-osx-x86_64 0.3.1 NOTE

Check Details

Version: 0.3.1
Check: dependencies in R code
Result: NOTE
    Namespace in Imports field not imported from: ‘memoise’
     All declared Imports should be used.
Flavors: r-devel-linux-x86_64-fedora-clang, r-devel-linux-x86_64-fedora-gcc, r-patched-solaris-x86, r-release-osx-x86_64, r-oldrel-osx-x86_64