CRAN Package Check Results for Package fishbc

Last updated on 2020-10-28 23:47:14 CET.

Flavor Version Tinstall Tcheck Ttotal Status Flags
r-devel-linux-x86_64-debian-clang 0.0.1 1.80 20.41 22.21 OK
r-devel-linux-x86_64-debian-gcc 0.0.1 1.36 16.36 17.72 OK
r-devel-linux-x86_64-fedora-clang 0.0.1 35.89 NOTE
r-devel-linux-x86_64-fedora-gcc 0.0.1 26.12 NOTE
r-devel-windows-ix86+x86_64 0.0.1 4.00 35.00 39.00 OK
r-patched-linux-x86_64 0.0.1 1.67 19.97 21.64 OK
r-patched-solaris-x86 0.0.1 41.20 NOTE
r-release-linux-x86_64 0.0.1 1.83 20.20 22.03 OK
r-release-macos-x86_64 0.0.1 NOTE
r-release-windows-ix86+x86_64 0.0.1 4.00 25.00 29.00 OK
r-oldrel-macos-x86_64 0.0.1 NOTE
r-oldrel-windows-ix86+x86_64 0.0.1 13.00 35.00 48.00 OK

Check Details

Version: 0.0.1
Check: data for non-ASCII characters
Result: NOTE
     Note: found 1 marked UTF-8 string
Flavors: r-devel-linux-x86_64-fedora-clang, r-devel-linux-x86_64-fedora-gcc, r-patched-solaris-x86, r-release-macos-x86_64, r-oldrel-macos-x86_64