Last updated on 2022-07-05 23:55:40 CEST.
Flavor | Version | Tinstall | Tcheck | Ttotal | Status | Flags |
---|---|---|---|---|---|---|
r-devel-linux-x86_64-debian-clang | 0.2.0 | 18.00 | 303.89 | 321.89 | OK | |
r-devel-linux-x86_64-debian-gcc | 0.2.0 | 14.05 | 222.41 | 236.46 | OK | |
r-devel-linux-x86_64-fedora-clang | 0.2.0 | 370.34 | NOTE | |||
r-devel-linux-x86_64-fedora-gcc | 0.2.0 | 421.64 | NOTE | |||
r-devel-windows-x86_64 | 0.2.0 | 36.00 | 309.00 | 345.00 | OK | |
r-patched-linux-x86_64 | 0.2.0 | 19.10 | 283.75 | 302.85 | OK | |
r-release-linux-x86_64 | 0.2.0 | 11.34 | 287.76 | 299.10 | OK | |
r-release-macos-arm64 | 0.2.0 | 102.00 | NOTE | |||
r-release-macos-x86_64 | 0.2.0 | 162.00 | NOTE | |||
r-release-windows-x86_64 | 0.2.0 | 27.00 | 312.00 | 339.00 | OK | |
r-oldrel-macos-arm64 | 0.2.0 | 69.00 | NOTE | |||
r-oldrel-macos-x86_64 | 0.2.0 | 121.00 | NOTE | |||
r-oldrel-windows-ix86+x86_64 | 0.2.0 | 38.00 | 326.00 | 364.00 | OK |
Version: 0.2.0
Check: dependencies in R code
Result: NOTE
Namespace in Imports field not imported from: ‘vctrs’
All declared Imports should be used.
Flavors: r-devel-linux-x86_64-fedora-clang, r-devel-linux-x86_64-fedora-gcc, r-release-macos-arm64, r-release-macos-x86_64, r-oldrel-macos-arm64, r-oldrel-macos-x86_64