CRAN Package Check Results for Package finch

Last updated on 2021-04-22 23:49:39 CEST.

Flavor Version Tinstall Tcheck Ttotal Status Flags
r-devel-linux-x86_64-debian-clang 0.4.0 7.13 59.41 66.54 NOTE
r-devel-linux-x86_64-debian-gcc 0.4.0 5.44 44.12 49.56 NOTE
r-devel-linux-x86_64-fedora-clang 0.4.0 86.84 NOTE
r-devel-linux-x86_64-fedora-gcc 0.4.0 75.97 NOTE
r-devel-windows-ix86+x86_64 0.4.0 19.00 91.00 110.00 NOTE
r-devel-windows-x86_64-gcc10-UCRT 0.4.0 NOTE
r-patched-linux-x86_64 0.4.0 6.21 55.54 61.75 OK
r-patched-solaris-x86 0.4.0 113.50 OK
r-release-linux-x86_64 0.4.0 5.52 55.64 61.16 OK
r-release-macos-x86_64 0.4.0 OK
r-release-windows-ix86+x86_64 0.4.0 19.00 72.00 91.00 OK
r-oldrel-macos-x86_64 0.4.0 OK
r-oldrel-windows-ix86+x86_64 0.4.0 44.00 93.00 137.00 OK

Check Details

Version: 0.4.0
Check: LazyData
Result: NOTE
     'LazyData' is specified without a 'data' directory
Flavors: r-devel-linux-x86_64-debian-clang, r-devel-linux-x86_64-debian-gcc, r-devel-linux-x86_64-fedora-clang, r-devel-linux-x86_64-fedora-gcc, r-devel-windows-ix86+x86_64, r-devel-windows-x86_64-gcc10-UCRT