CRAN Package Check Results for Package finbif

Last updated on 2020-09-22 23:53:09 CEST.

Flavor Version Tinstall Tcheck Ttotal Status Flags
r-devel-linux-x86_64-debian-clang 0.3.0 9.15 63.64 72.79 OK
r-devel-linux-x86_64-debian-gcc 0.3.0 5.65 52.47 58.12 OK
r-devel-linux-x86_64-fedora-clang 0.3.0 95.88 OK
r-devel-linux-x86_64-fedora-gcc 0.3.0 89.17 OK
r-devel-windows-ix86+x86_64 0.3.0 12.00 89.00 101.00 OK
r-patched-linux-x86_64 0.3.0 8.11 64.49 72.60 OK
r-patched-solaris-x86 0.3.0 127.40 NOTE
r-release-linux-x86_64 0.3.0 8.72 64.59 73.31 OK
r-release-macos-x86_64 0.3.0 NOTE
r-release-windows-ix86+x86_64 0.3.0 12.00 95.00 107.00 OK
r-oldrel-macos-x86_64 0.3.0 OK
r-oldrel-windows-ix86+x86_64 0.3.0 7.00 64.00 71.00 OK

Check Details

Version: 0.3.0
Check: package dependencies
Result: NOTE
    Package suggested but not available for checking: ‘codemetar’
Flavors: r-patched-solaris-x86, r-release-macos-x86_64