CRAN Package Check Results for Package finalfit

Last updated on 2019-10-20 23:47:25 CEST.

Flavor Version Tinstall Tcheck Ttotal Status Flags
r-devel-linux-x86_64-debian-clang 0.9.5 15.18 258.99 274.17 OK
r-devel-linux-x86_64-debian-gcc 0.9.5 13.78 194.50 208.28 OK
r-devel-linux-x86_64-fedora-clang 0.9.5 319.98 NOTE
r-devel-linux-x86_64-fedora-gcc 0.9.5 313.30 NOTE
r-devel-windows-ix86+x86_64 0.9.5 34.00 296.00 330.00 OK
r-patched-linux-x86_64 0.9.5 12.87 247.25 260.12 OK
r-patched-solaris-x86 0.9.5 459.00 NOTE
r-release-linux-x86_64 0.9.5 15.33 252.51 267.84 OK
r-release-windows-ix86+x86_64 0.9.5 47.00 394.00 441.00 OK
r-release-osx-x86_64 0.9.5 NOTE
r-oldrel-windows-ix86+x86_64 0.9.5 20.00 248.00 268.00 OK
r-oldrel-osx-x86_64 0.9.5 NOTE

Check Details

Version: 0.9.5
Check: dependencies in R code
Result: NOTE
    Namespace in Imports field not imported from: ‘readr’
     All declared Imports should be used.
Flavors: r-devel-linux-x86_64-fedora-clang, r-devel-linux-x86_64-fedora-gcc, r-patched-solaris-x86, r-release-osx-x86_64, r-oldrel-osx-x86_64