CRAN Package Check Results for Package finalfit

Last updated on 2020-05-24 23:47:43 CEST.

Flavor Version Tinstall Tcheck Ttotal Status Flags
r-devel-linux-x86_64-debian-clang 1.0.1 15.43 301.53 316.96 OK
r-devel-linux-x86_64-debian-gcc 1.0.1 12.23 227.16 239.39 OK
r-devel-linux-x86_64-fedora-clang 1.0.1 369.38 OK
r-devel-linux-x86_64-fedora-gcc 1.0.1 368.62 OK
r-devel-windows-ix86+x86_64 1.0.1 43.00 307.00 350.00 OK
r-patched-linux-x86_64 1.0.1 12.88 297.06 309.94 OK
r-patched-solaris-x86 1.0.1 503.30 NOTE
r-release-linux-x86_64 1.0.1 14.28 297.16 311.44 OK
r-release-osx-x86_64 1.0.1 OK
r-release-windows-ix86+x86_64 1.0.1 51.00 474.00 525.00 OK
r-oldrel-osx-x86_64 1.0.1 OK
r-oldrel-windows-ix86+x86_64 1.0.1 26.00 364.00 390.00 OK

Check Details

Version: 1.0.1
Check: installed package size
Result: NOTE
     installed size is 5.3Mb
     sub-directories of 1Mb or more:
     doc 4.5Mb
Flavor: r-patched-solaris-x86