CRAN Package Check Results for Package filearray

Last updated on 2022-06-28 23:54:04 CEST.

Flavor Version Tinstall Tcheck Ttotal Status Flags
r-devel-linux-x86_64-debian-clang 0.1.3 107.40 69.44 176.84 OK
r-devel-linux-x86_64-debian-gcc 0.1.3 85.63 46.87 132.50 OK
r-devel-linux-x86_64-fedora-clang 0.1.3 264.35 OK
r-devel-linux-x86_64-fedora-gcc 0.1.3 231.60 OK
r-devel-windows-x86_64 0.1.3 119.00 114.00 233.00 OK
r-patched-linux-x86_64 0.1.3 92.36 62.12 154.48 OK
r-release-linux-x86_64 0.1.3 89.11 62.70 151.81 OK
r-release-macos-arm64 0.1.3 55.00 OK
r-release-macos-x86_64 0.1.3 76.00 OK
r-release-windows-x86_64 0.1.3 133.00 113.00 246.00 OK
r-oldrel-macos-arm64 0.1.3 50.00 NOTE
r-oldrel-macos-x86_64 0.1.3 74.00 OK
r-oldrel-windows-ix86+x86_64 0.1.3 277.00 143.00 420.00 OK

Check Details

Version: 0.1.3
Check: installed package size
Result: NOTE
     installed size is 5.4Mb
     sub-directories of 1Mb or more:
     libs 5.0Mb
Flavor: r-oldrel-macos-arm64