CRAN Package Check Results for Package file2meco

Last updated on 2022-01-19 23:48:58 CET.

Flavor Version Tinstall Tcheck Ttotal Status Flags
r-devel-linux-x86_64-debian-clang 0.2.1 OK
r-devel-linux-x86_64-debian-gcc 0.2.1 10.40 85.31 95.71 OK
r-devel-linux-x86_64-fedora-clang 0.2.1 146.21 NOTE
r-devel-linux-x86_64-fedora-gcc 0.2.1 132.49 NOTE
r-devel-windows-x86_64-new-UL 0.2.1 67.00 121.00 188.00 NOTE
r-devel-windows-x86_64-new-TK 0.2.1 NOTE
r-patched-linux-x86_64 0.2.1 10.13 103.85 113.98 OK
r-release-linux-x86_64 0.2.1 OK
r-release-macos-arm64 0.2.1 NOTE
r-release-macos-x86_64 0.2.1 WARN --as-cran
r-release-windows-ix86+x86_64 0.2.1 27.00 122.00 149.00 NOTE
r-oldrel-macos-x86_64 0.2.0 NOTE
r-oldrel-windows-ix86+x86_64 0.2.1 28.00 121.00 149.00 NOTE

Check Details

Version: 0.2.1
Check: installed package size
Result: NOTE
     installed size is 5.9Mb
     sub-directories of 1Mb or more:
     extdata 5.7Mb
Flavors: r-devel-linux-x86_64-fedora-clang, r-devel-windows-x86_64-new-UL, r-release-macos-arm64, r-release-windows-ix86+x86_64, r-oldrel-windows-ix86+x86_64

Version: 0.2.1
Check: dependencies in R code
Result: NOTE
    Namespace in Imports field not imported from: ‘R6’
     All declared Imports should be used.
Flavors: r-devel-linux-x86_64-fedora-clang, r-devel-linux-x86_64-fedora-gcc, r-devel-windows-x86_64-new-TK, r-release-macos-arm64

Version: 0.2.1
Flags: --as-cran
Check: CRAN incoming feasibility
Result: WARN
    Maintainer: ‘Chi Liu <liuchi0426@126.com>’
    
    Insufficient package version (submitted: 0.2.1, existing: 0.2.1)
    
    Days since last update: 1
Flavor: r-release-macos-x86_64

Version: 0.2.1
Flags: --as-cran
Check: installed package size
Result: NOTE
     installed size is 5.9Mb
     sub-directories of 1Mb or more:
     extdata 5.7Mb
Flavor: r-release-macos-x86_64

Version: 0.2.0
Check: installed package size
Result: NOTE
     installed size is 5.9Mb
     sub-directories of 1Mb or more:
     extdata 5.7Mb
Flavor: r-oldrel-macos-x86_64

Version: 0.2.0
Check: dependencies in R code
Result: NOTE
    Namespace in Imports field not imported from: ‘R6’
     All declared Imports should be used.
Flavor: r-oldrel-macos-x86_64