CRAN Package Check Results for Package fic

Last updated on 2019-07-22 06:47:38 CEST.

Flavor Version Tinstall Tcheck Ttotal Status Flags
r-devel-linux-x86_64-debian-clang 1.0.0 9.41 163.72 173.13 OK
r-devel-linux-x86_64-debian-gcc 1.0.0 8.45 125.80 134.25 OK
r-devel-linux-x86_64-fedora-clang 1.0.0 208.29 NOTE
r-devel-linux-x86_64-fedora-gcc 1.0.0 202.90 NOTE
r-devel-windows-ix86+x86_64 1.0.0 20.00 299.00 319.00 OK
r-patched-linux-x86_64 1.0.0 7.37 156.42 163.79 OK
r-patched-solaris-x86 1.0.0 292.30 NOTE
r-release-linux-x86_64 1.0.0 9.85 157.33 167.18 OK
r-release-windows-ix86+x86_64 1.0.0 19.00 204.00 223.00 OK
r-release-osx-x86_64 1.0.0 NOTE
r-oldrel-windows-ix86+x86_64 1.0.0 21.00 255.00 276.00 OK
r-oldrel-osx-x86_64 1.0.0 NOTE

Check Details

Version: 1.0.0
Check: dependencies in R code
Result: NOTE
    Namespace in Imports field not imported from: ‘numDeriv’
     All declared Imports should be used.
Flavors: r-devel-linux-x86_64-fedora-clang, r-devel-linux-x86_64-fedora-gcc, r-patched-solaris-x86, r-release-osx-x86_64, r-oldrel-osx-x86_64