CRAN Package Check Results for Package fhidata

Last updated on 2020-05-24 23:47:43 CEST.

Flavor Version Tinstall Tcheck Ttotal Status Flags
r-devel-linux-x86_64-debian-clang 2019.8.27 12.97 67.22 80.19 NOTE
r-devel-linux-x86_64-debian-gcc 2019.8.27 11.49 51.18 62.67 NOTE
r-devel-linux-x86_64-fedora-clang 2019.8.27 99.07 NOTE
r-devel-linux-x86_64-fedora-gcc 2019.8.27 96.23 NOTE
r-devel-windows-ix86+x86_64 2019.8.27 26.00 106.00 132.00 NOTE
r-patched-linux-x86_64 2019.8.27 12.99 64.59 77.58 NOTE
r-patched-solaris-x86 2019.8.27 153.00 NOTE
r-release-linux-x86_64 2019.8.27 12.24 64.69 76.93 NOTE
r-release-osx-x86_64 2019.8.27 NOTE
r-release-windows-ix86+x86_64 2019.8.27 18.00 102.00 120.00 NOTE
r-oldrel-osx-x86_64 2019.8.27 NOTE
r-oldrel-windows-ix86+x86_64 2019.8.27 19.00 117.00 136.00 NOTE

Check Details

Version: 2019.8.27
Check: package dependencies
Result: NOTE
    Package suggested but not available for checking: 'SDMTools'
Flavors: r-devel-linux-x86_64-debian-clang, r-devel-linux-x86_64-debian-gcc, r-devel-linux-x86_64-fedora-clang, r-devel-linux-x86_64-fedora-gcc, r-patched-linux-x86_64, r-patched-solaris-x86, r-release-linux-x86_64, r-release-osx-x86_64

Version: 2019.8.27
Check: installed package size
Result: NOTE
     installed size is 6.7Mb
     sub-directories of 1Mb or more:
     data 6.3Mb
Flavors: r-devel-linux-x86_64-fedora-clang, r-devel-windows-ix86+x86_64, r-patched-solaris-x86, r-release-osx-x86_64, r-release-windows-ix86+x86_64, r-oldrel-osx-x86_64, r-oldrel-windows-ix86+x86_64

Version: 2019.8.27
Check: data for non-ASCII characters
Result: NOTE
     Note: found 5077 marked UTF-8 strings
Flavors: r-devel-linux-x86_64-fedora-clang, r-devel-linux-x86_64-fedora-gcc, r-patched-solaris-x86, r-release-osx-x86_64, r-oldrel-osx-x86_64