CRAN Package Check Results for Package fhidata

Last updated on 2019-10-13 23:47:19 CEST.

Flavor Version Tinstall Tcheck Ttotal Status Flags
r-devel-linux-x86_64-debian-clang 2019.8.27 12.53 64.23 76.76 OK
r-devel-linux-x86_64-debian-gcc 2019.8.27 11.82 50.02 61.84 OK
r-devel-linux-x86_64-fedora-clang 2019.8.27 97.78 NOTE
r-devel-linux-x86_64-fedora-gcc 2019.8.27 94.32 NOTE
r-devel-windows-ix86+x86_64 2019.8.27 20.00 78.00 98.00 NOTE
r-patched-linux-x86_64 2019.8.27 12.12 60.53 72.65 OK
r-patched-solaris-x86 2019.8.27 148.00 NOTE
r-release-linux-x86_64 2019.8.27 12.03 60.48 72.51 OK
r-release-windows-ix86+x86_64 2019.8.27 24.00 74.00 98.00 NOTE
r-release-osx-x86_64 2019.8.27 NOTE
r-oldrel-windows-ix86+x86_64 2019.8.27 15.00 70.00 85.00 NOTE
r-oldrel-osx-x86_64 2019.8.27 NOTE

Check Details

Version: 2019.8.27
Check: installed package size
Result: NOTE
     installed size is 6.7Mb
     sub-directories of 1Mb or more:
     data 6.3Mb
Flavors: r-devel-linux-x86_64-fedora-clang, r-devel-windows-ix86+x86_64, r-patched-solaris-x86, r-release-windows-ix86+x86_64, r-release-osx-x86_64, r-oldrel-windows-ix86+x86_64, r-oldrel-osx-x86_64

Version: 2019.8.27
Check: data for non-ASCII characters
Result: NOTE
     Note: found 5077 marked UTF-8 strings
Flavors: r-devel-linux-x86_64-fedora-clang, r-devel-linux-x86_64-fedora-gcc, r-patched-solaris-x86, r-release-osx-x86_64, r-oldrel-osx-x86_64