CRAN Package Check Results for Package fgm

Last updated on 2022-11-26 23:58:14 CET.

Flavor Version Tinstall Tcheck Ttotal Status Flags
r-devel-linux-x86_64-debian-clang 1.0 13.69 110.56 124.25 NOTE
r-devel-linux-x86_64-debian-gcc 1.0 10.24 83.66 93.90 NOTE
r-devel-linux-x86_64-fedora-clang 1.0 164.14 NOTE
r-devel-linux-x86_64-fedora-gcc 1.0 168.90 NOTE
r-devel-windows-x86_64 1.0 14.00 162.00 176.00 NOTE
r-patched-linux-x86_64 1.0 NOTE
r-release-linux-x86_64 1.0 8.47 106.00 114.47 NOTE
r-release-macos-arm64 1.0 43.00 NOTE
r-release-macos-x86_64 1.0 73.00 NOTE
r-release-windows-x86_64 1.0 18.00 137.00 155.00 NOTE
r-oldrel-macos-arm64 1.0 48.00 NOTE
r-oldrel-macos-x86_64 1.0 72.00 NOTE
r-oldrel-windows-ix86+x86_64 1.0 30.00 125.00 155.00 NOTE

Check Details

Version: 1.0
Check: LazyData
Result: NOTE
     'LazyData' is specified without a 'data' directory
Flavors: r-devel-linux-x86_64-debian-clang, r-devel-linux-x86_64-debian-gcc, r-devel-linux-x86_64-fedora-clang, r-devel-linux-x86_64-fedora-gcc, r-devel-windows-x86_64, r-patched-linux-x86_64, r-release-linux-x86_64, r-release-macos-arm64, r-release-macos-x86_64, r-release-windows-x86_64, r-oldrel-macos-arm64, r-oldrel-macos-x86_64, r-oldrel-windows-ix86+x86_64