Last updated on 2022-08-10 23:55:28 CEST.
Flavor | Version | Tinstall | Tcheck | Ttotal | Status | Flags |
---|---|---|---|---|---|---|
r-devel-linux-x86_64-debian-clang | 1.1.4 | 7.66 | 67.94 | 75.60 | NOTE | |
r-devel-linux-x86_64-debian-gcc | 1.1.4 | 5.17 | 49.54 | 54.71 | NOTE | |
r-devel-linux-x86_64-fedora-clang | 1.1.4 | 99.68 | NOTE | |||
r-devel-linux-x86_64-fedora-gcc | 1.1.4 | 95.38 | NOTE | |||
r-devel-windows-x86_64 | 1.1.4 | 17.00 | 88.00 | 105.00 | NOTE | |
r-patched-linux-x86_64 | 1.1.4 | 6.58 | 61.72 | 68.30 | NOTE | |
r-release-linux-x86_64 | 1.1.4 | NOTE | ||||
r-release-macos-arm64 | 1.1.4 | 28.00 | NOTE | |||
r-release-macos-x86_64 | 1.1.4 | 48.00 | NOTE | |||
r-release-windows-x86_64 | 1.1.4 | 15.00 | 90.00 | 105.00 | NOTE | |
r-oldrel-macos-arm64 | 1.1.4 | 33.00 | NOTE | |||
r-oldrel-macos-x86_64 | 1.1.4 | 45.00 | NOTE | |||
r-oldrel-windows-ix86+x86_64 | 1.1.4 | 19.00 | 81.00 | 100.00 | NOTE |
Version: 1.1.4
Check: LazyData
Result: NOTE
'LazyData' is specified without a 'data' directory
Flavors: r-devel-linux-x86_64-debian-clang, r-devel-linux-x86_64-debian-gcc, r-devel-linux-x86_64-fedora-clang, r-devel-linux-x86_64-fedora-gcc, r-devel-windows-x86_64, r-patched-linux-x86_64, r-release-linux-x86_64, r-release-macos-arm64, r-release-macos-x86_64, r-release-windows-x86_64, r-oldrel-macos-arm64, r-oldrel-macos-x86_64, r-oldrel-windows-ix86+x86_64