CRAN Package Check Results for Package ff

Last updated on 2019-06-07 02:50:51 CEST.

Flavor Version Tinstall Tcheck Ttotal Status Flags
r-devel-linux-x86_64-debian-clang 2.2-14 37.46 81.53 118.99 OK
r-devel-linux-x86_64-debian-gcc 2.2-14 31.35 62.60 93.95 OK
r-devel-linux-x86_64-fedora-clang 2.2-14 150.11 NOTE
r-devel-linux-x86_64-fedora-gcc 2.2-14 152.19 NOTE
r-devel-windows-ix86+x86_64 2.2-14 126.00 155.00 281.00 OK
r-patched-linux-x86_64 2.2-14 37.41 82.66 120.07 OK
r-patched-solaris-x86 2.2-14 229.20 OK
r-release-linux-x86_64 2.2-14 38.84 81.77 120.61 NOTE
r-release-windows-ix86+x86_64 2.2-14 95.00 156.00 251.00 NOTE
r-release-osx-x86_64 2.2-14 OK
r-oldrel-windows-ix86+x86_64 2.2-14 135.00 149.00 284.00 OK
r-oldrel-osx-x86_64 2.2-14 OK

Check Details

Version: 2.2-14
Check: compiled code
Result: NOTE
    File ‘ff/libs/ff.so’:
     Found no call to: ‘R_useDynamicSymbols’
    
    It is good practice to register native routines and to disable symbol
    search.
    
    See ‘Writing portable packages’ in the ‘Writing R Extensions’ manual.
Flavors: r-devel-linux-x86_64-fedora-clang, r-devel-linux-x86_64-fedora-gcc

Version: 2.2-14
Check: dependencies in R code
Result: NOTE
    Unexported object imported by a ':::' call: ‘bit:::R_bit_as_hi’
     See the note in ?`:::` about the use of this operator.
Flavors: r-release-linux-x86_64, r-release-windows-ix86+x86_64