CRAN Package Check Results for Package ff

Last updated on 2019-08-18 23:47:33 CEST.

Flavor Version Tinstall Tcheck Ttotal Status Flags
r-devel-linux-x86_64-debian-clang 2.2-14 39.08 80.80 119.88 OK
r-devel-linux-x86_64-debian-gcc 2.2-14 32.36 62.48 94.84 OK
r-devel-linux-x86_64-fedora-clang 2.2-14 153.72 NOTE
r-devel-linux-x86_64-fedora-gcc 2.2-14 152.30 NOTE
r-devel-windows-ix86+x86_64 2.2-14 124.00 160.00 284.00 OK
r-patched-linux-x86_64 2.2-14 36.15 81.33 117.48 OK
r-patched-solaris-x86 2.2-14 231.90 OK
r-release-linux-x86_64 2.2-14 35.51 79.80 115.31 OK
r-release-windows-ix86+x86_64 2.2-14 97.00 129.00 226.00 OK
r-release-osx-x86_64 2.2-14 OK
r-oldrel-windows-ix86+x86_64 2.2-14 160.00 155.00 315.00 OK
r-oldrel-osx-x86_64 2.2-14 OK

Check Details

Version: 2.2-14
Check: compiled code
Result: NOTE
    File ‘ff/libs/ff.so’:
     Found no call to: ‘R_useDynamicSymbols’
    
    It is good practice to register native routines and to disable symbol
    search.
    
    See ‘Writing portable packages’ in the ‘Writing R Extensions’ manual.
Flavors: r-devel-linux-x86_64-fedora-clang, r-devel-linux-x86_64-fedora-gcc