CRAN Package Check Results for Package fdrDiscreteNull

Last updated on 2019-07-22 06:47:38 CEST.

Flavor Version Tinstall Tcheck Ttotal Status Flags
r-devel-linux-x86_64-debian-clang 1.3 9.17 72.51 81.68 OK
r-devel-linux-x86_64-debian-gcc 1.3 7.69 56.97 64.66 OK
r-devel-linux-x86_64-fedora-clang 1.3 96.65 OK
r-devel-linux-x86_64-fedora-gcc 1.3 94.77 OK
r-devel-windows-ix86+x86_64 1.3 20.00 117.00 137.00 OK
r-patched-linux-x86_64 1.3 9.65 70.60 80.25 OK
r-patched-solaris-x86 1.3 162.80 OK
r-release-linux-x86_64 1.3 8.44 71.93 80.37 OK
r-release-windows-ix86+x86_64 1.3 19.00 85.00 104.00 OK
r-release-osx-x86_64 1.3 ERROR
r-oldrel-windows-ix86+x86_64 1.3 17.00 78.00 95.00 OK
r-oldrel-osx-x86_64 1.3 OK

Check Details

Version: 1.3
Check: package dependencies
Result: ERROR
    Package required but not available: ‘qvalue’
    
    See section ‘The DESCRIPTION file’ in the ‘Writing R Extensions’
    manual.
Flavor: r-release-osx-x86_64