CRAN Package Check Results for Package fdm2id

Last updated on 2024-06-14 00:53:41 CEST.

Flavor Version Tinstall Tcheck Ttotal Status Flags
r-devel-linux-x86_64-debian-clang 0.9.9 22.41 210.60 233.01 OK
r-devel-linux-x86_64-debian-gcc 0.9.9 0.53 1.80 2.33 ERROR
r-devel-linux-x86_64-fedora-clang 0.9.9 286.02 NOTE
r-devel-linux-x86_64-fedora-gcc 0.9.9 265.40 NOTE
r-devel-windows-x86_64 0.9.9 20.00 205.00 225.00 OK
r-patched-linux-x86_64 0.9.9 20.93 201.33 222.26 OK
r-release-linux-x86_64 0.9.9 20.38 194.58 214.96 OK
r-release-macos-arm64 0.9.9 73.00 OK
r-release-macos-x86_64 0.9.9 118.00 OK
r-release-windows-x86_64 0.9.9 22.00 207.00 229.00 OK
r-oldrel-macos-arm64 0.9.9 79.00 OK
r-oldrel-macos-x86_64 0.9.9 156.00 OK
r-oldrel-windows-x86_64 0.9.9 28.00 257.00 285.00 OK

Check Details

Version: 0.9.9
Check: package dependencies
Result: ERROR Packages required but not available: 'arulesViz', 'FactoMineR' Packages suggested but not available for checking: 'car', 'caret', 'fds', 'questionr' Package which this enhances but not available for checking: ‘NMF’ See section ‘The DESCRIPTION file’ in the ‘Writing R Extensions’ manual. Flavor: r-devel-linux-x86_64-debian-gcc

Version: 0.9.9
Check: data for non-ASCII characters
Result: NOTE Note: found 3 marked Latin-1 strings Note: found 3 marked UTF-8 strings Flavors: r-devel-linux-x86_64-fedora-clang, r-devel-linux-x86_64-fedora-gcc