Last updated on 2022-07-03 23:55:45 CEST.
Flavor | Version | Tinstall | Tcheck | Ttotal | Status | Flags |
---|---|---|---|---|---|---|
r-devel-linux-x86_64-debian-clang | 1.9.8 | 103.78 | 249.91 | 353.69 | OK | |
r-devel-linux-x86_64-debian-gcc | 1.9.8 | 77.45 | 184.44 | 261.89 | OK | |
r-devel-linux-x86_64-fedora-clang | 1.9.8 | 458.58 | NOTE | |||
r-devel-linux-x86_64-fedora-gcc | 1.9.8 | 436.18 | OK | |||
r-devel-windows-x86_64 | 1.9.8 | 294.00 | 307.00 | 601.00 | OK | |
r-patched-linux-x86_64 | 1.9.8 | 82.51 | 239.10 | 321.61 | OK | |
r-release-linux-x86_64 | 1.9.8 | 63.08 | 235.98 | 299.06 | OK | |
r-release-macos-arm64 | 1.9.8 | 106.00 | NOTE | |||
r-release-macos-x86_64 | 1.9.8 | 153.00 | NOTE | |||
r-release-windows-x86_64 | 1.9.8 | 275.00 | 295.00 | 570.00 | OK | |
r-oldrel-macos-arm64 | 1.9.8 | 99.00 | NOTE | |||
r-oldrel-macos-x86_64 | 1.9.8 | 146.00 | NOTE | |||
r-oldrel-windows-ix86+x86_64 | 1.9.8 | 230.00 | 407.00 | 637.00 | NOTE |
Version: 1.9.8
Check: installed package size
Result: NOTE
installed size is 5.3Mb
sub-directories of 1Mb or more:
data 2.3Mb
libs 2.4Mb
Flavors: r-devel-linux-x86_64-fedora-clang, r-release-macos-arm64, r-release-macos-x86_64, r-oldrel-macos-arm64, r-oldrel-macos-x86_64, r-oldrel-windows-ix86+x86_64