Last updated on 2022-07-05 23:55:40 CEST.
Flavor | Version | Tinstall | Tcheck | Ttotal | Status | Flags |
---|---|---|---|---|---|---|
r-devel-linux-x86_64-debian-clang | 0.2.4 | 4.03 | 50.69 | 54.72 | OK | |
r-devel-linux-x86_64-debian-gcc | 0.2.4 | 3.14 | 37.92 | 41.06 | OK | |
r-devel-linux-x86_64-fedora-clang | 0.2.4 | 73.96 | NOTE | |||
r-devel-linux-x86_64-fedora-gcc | 0.2.4 | 73.38 | NOTE | |||
r-devel-windows-x86_64 | 0.2.4 | 6.00 | 86.00 | 92.00 | OK | |
r-patched-linux-x86_64 | 0.2.4 | 4.34 | 48.01 | 52.35 | OK | |
r-release-linux-x86_64 | 0.2.4 | 3.13 | 48.99 | 52.12 | OK | |
r-release-macos-arm64 | 0.2.4 | 29.00 | NOTE | |||
r-release-macos-x86_64 | 0.2.4 | 35.00 | NOTE | |||
r-release-windows-x86_64 | 0.2.4 | 25.00 | 89.00 | 114.00 | OK | |
r-oldrel-macos-arm64 | 0.2.4 | 21.00 | NOTE | |||
r-oldrel-macos-x86_64 | 0.2.4 | 32.00 | NOTE | |||
r-oldrel-windows-ix86+x86_64 | 0.2.4 | 9.00 | 82.00 | 91.00 | OK |
Version: 0.2.4
Check: dependencies in R code
Result: NOTE
Namespaces in Imports field not imported from:
‘collapse’ ‘data.table’ ‘fst’ ‘kit’ ‘magrittr’ ‘matrixStats’
All declared Imports should be used.
Flavors: r-devel-linux-x86_64-fedora-clang, r-devel-linux-x86_64-fedora-gcc, r-release-macos-arm64, r-release-macos-x86_64, r-oldrel-macos-arm64, r-oldrel-macos-x86_64