CRAN Package Check Results for Package fasterElasticNet

Last updated on 2022-11-28 22:51:22 CET.

Flavor Version Tinstall Tcheck Ttotal Status Flags
r-devel-linux-x86_64-debian-clang 1.1.2 63.86 32.90 96.76 OK
r-devel-linux-x86_64-debian-gcc 1.1.2 47.09 25.51 72.60 OK
r-devel-linux-x86_64-fedora-clang 1.1.2 146.19 OK
r-devel-linux-x86_64-fedora-gcc 1.1.2 138.57 OK
r-devel-windows-x86_64 1.1.2 57.00 81.00 138.00 OK
r-patched-linux-x86_64 1.1.2 50.50 30.66 81.16 OK
r-release-linux-x86_64 1.1.2 48.66 31.39 80.05 OK
r-release-macos-arm64 1.1.2 34.00 NOTE
r-release-macos-x86_64 1.1.2 45.00 NOTE
r-release-windows-x86_64 1.1.2 57.00 85.00 142.00 OK
r-oldrel-macos-arm64 1.1.2 37.00 NOTE
r-oldrel-macos-x86_64 1.1.2 57.00 NOTE
r-oldrel-windows-ix86+x86_64 1.1.2 151.00 82.00 233.00 NOTE

Check Details

Version: 1.1.2
Check: installed package size
Result: NOTE
     installed size is 5.8Mb
     sub-directories of 1Mb or more:
     data 3.1Mb
     libs 2.6Mb
Flavors: r-release-macos-arm64, r-release-macos-x86_64, r-oldrel-macos-arm64, r-oldrel-macos-x86_64, r-oldrel-windows-ix86+x86_64