CRAN Package Check Results for Package fastai

Last updated on 2024-06-14 00:53:41 CEST.

Flavor Version Tinstall Tcheck Ttotal Status Flags
r-devel-linux-x86_64-debian-clang 2.2.2 30.02 304.12 334.14 OK
r-devel-linux-x86_64-debian-gcc 2.2.2 1.50 1.87 3.37 ERROR
r-devel-linux-x86_64-fedora-clang 2.2.2 458.15 NOTE
r-devel-linux-x86_64-fedora-gcc 2.2.2 432.12 OK
r-devel-windows-x86_64 2.2.2 87.00 1020.00 1107.00 NOTE
r-patched-linux-x86_64 2.2.2 31.59 291.96 323.55 OK
r-release-linux-x86_64 2.2.2 29.66 293.22 322.88 OK
r-release-macos-arm64 2.2.2 94.00 NOTE
r-release-macos-x86_64 2.2.2 183.00 NOTE
r-release-windows-x86_64 2.2.2 89.00 1018.00 1107.00 NOTE
r-oldrel-macos-arm64 2.2.2 112.00 NOTE
r-oldrel-macos-x86_64 2.2.2 194.00 NOTE
r-oldrel-windows-x86_64 2.2.2 64.00 729.00 793.00 NOTE

Check Details

Version: 2.2.2
Check: package dependencies
Result: ERROR Packages required but not available: 'ggplot2', 'ggpubr' Packages suggested but not available for checking: 'testthat', 'vctrs', 'viridis' See section ‘The DESCRIPTION file’ in the ‘Writing R Extensions’ manual. Flavor: r-devel-linux-x86_64-debian-gcc

Version: 2.2.2
Check: installed package size
Result: NOTE installed size is 5.2Mb sub-directories of 1Mb or more: doc 3.0Mb help 1.2Mb Flavors: r-devel-linux-x86_64-fedora-clang, r-devel-windows-x86_64, r-release-macos-arm64, r-release-macos-x86_64, r-release-windows-x86_64, r-oldrel-macos-arm64, r-oldrel-macos-x86_64, r-oldrel-windows-x86_64