CRAN Package Check Results for Package fastadi

Last updated on 2022-11-26 23:58:14 CET.

Flavor Version Tinstall Tcheck Ttotal Status Flags
r-devel-linux-x86_64-debian-clang 0.1.1 120.27 189.38 309.65 OK
r-devel-linux-x86_64-debian-gcc 0.1.1 84.27 139.65 223.92 NOTE
r-devel-linux-x86_64-fedora-clang 0.1.1 437.06 OK
r-devel-linux-x86_64-fedora-gcc 0.1.1 378.50 OK
r-devel-windows-x86_64 0.1.1 184.00 200.00 384.00 OK
r-patched-linux-x86_64 0.1.1 OK
r-release-linux-x86_64 0.1.1 94.03 177.09 271.12 OK
r-release-macos-arm64 0.1.1 94.00 OK
r-release-macos-x86_64 0.1.1 131.00 OK
r-release-windows-x86_64 0.1.1 92.00 213.00 305.00 OK
r-oldrel-macos-arm64 0.1.1 90.00 OK
r-oldrel-macos-x86_64 0.1.1 154.00 OK
r-oldrel-windows-ix86+x86_64 0.1.1 281.00 327.00 608.00 OK

Check Details

Version: 0.1.1
Check: package dependencies
Result: NOTE
    Package suggested but not available for checking: ‘invertiforms’
Flavor: r-devel-linux-x86_64-debian-gcc