CRAN Package Check Results for Package fastStat

Last updated on 2020-09-26 23:46:33 CEST.

Flavor Version Tinstall Tcheck Ttotal Status Flags
r-devel-linux-x86_64-debian-clang 1.4 14.97 101.05 116.02 OK
r-devel-linux-x86_64-debian-gcc 1.4 11.88 75.36 87.24 OK
r-devel-linux-x86_64-fedora-clang 1.4 143.32 OK
r-devel-linux-x86_64-fedora-gcc 1.4 136.38 OK
r-devel-windows-ix86+x86_64 1.4 30.00 138.00 168.00 OK
r-patched-linux-x86_64 1.4 12.86 93.36 106.22 OK
r-patched-solaris-x86 1.4 194.30 OK
r-release-linux-x86_64 1.4 12.37 93.72 106.09 OK
r-release-macos-x86_64 1.4 OK
r-release-windows-ix86+x86_64 1.4 24.00 112.00 136.00 OK
r-oldrel-macos-x86_64 1.4 NOTE
r-oldrel-windows-ix86+x86_64 1.4 16.00 112.00 128.00 OK

Check Details

Version: 1.4
Check: dependencies in R code
Result: NOTE
    No protocol specified
    No protocol specified
Flavor: r-oldrel-macos-x86_64