CRAN Package Check Results for Package fastRhockey

Last updated on 2024-06-24 00:50:08 CEST.

Flavor Version Tinstall Tcheck Ttotal Status Flags
r-devel-linux-x86_64-debian-clang 0.4.0 13.30 89.79 103.09 NOTE
r-devel-linux-x86_64-debian-gcc 0.4.0 8.56 64.52 73.08 NOTE
r-devel-linux-x86_64-fedora-clang 0.4.0 128.48 NOTE
r-devel-linux-x86_64-fedora-gcc 0.4.0 118.08 NOTE
r-devel-windows-x86_64 0.4.0 12.00 86.00 98.00 NOTE
r-patched-linux-x86_64 0.4.0 14.19 81.81 96.00 NOTE
r-release-linux-x86_64 0.4.0 8.41 84.37 92.78 NOTE
r-release-macos-arm64 0.4.0 34.00 NOTE
r-release-macos-x86_64 0.4.0 67.00 NOTE
r-release-windows-x86_64 0.4.0 13.00 88.00 101.00 NOTE
r-oldrel-macos-arm64 0.4.0 34.00 OK
r-oldrel-macos-x86_64 0.4.0 50.00 OK
r-oldrel-windows-x86_64 0.4.0 15.00 102.00 117.00 OK

Check Details

Version: 0.4.0
Check: Rd files
Result: NOTE checkRd: (-1) update_nhl_db.Rd:51-53: Lost braces in \itemize; meant \describe ? checkRd: (-1) update_nhl_db.Rd:54-57: Lost braces in \itemize; meant \describe ? checkRd: (-1) update_phf_db.Rd:51-53: Lost braces in \itemize; meant \describe ? checkRd: (-1) update_phf_db.Rd:54-57: Lost braces in \itemize; meant \describe ? Flavors: r-devel-linux-x86_64-debian-clang, r-devel-linux-x86_64-debian-gcc, r-devel-linux-x86_64-fedora-clang, r-devel-linux-x86_64-fedora-gcc, r-devel-windows-x86_64, r-patched-linux-x86_64, r-release-linux-x86_64, r-release-macos-arm64, r-release-macos-x86_64, r-release-windows-x86_64