CRAN Package Check Results for Package fastR

Last updated on 2019-03-22 02:47:01 CET.

Flavor Version Tinstall Tcheck Ttotal Status Flags
r-devel-linux-x86_64-debian-clang 0.10.3 13.96 114.88 128.84 OK
r-devel-linux-x86_64-debian-gcc 0.10.3 11.65 89.60 101.25 OK
r-devel-linux-x86_64-fedora-clang 0.10.3 152.83 OK
r-devel-linux-x86_64-fedora-gcc 0.10.3 145.83 OK
r-devel-windows-ix86+x86_64 0.10.3 51.00 218.00 269.00 OK
r-patched-linux-x86_64 0.10.3 7.66 110.56 118.22 OK
r-patched-solaris-x86 0.10.3 214.70 OK
r-release-linux-x86_64 0.10.3 10.90 109.20 120.10 OK
r-release-windows-ix86+x86_64 0.10.3 28.00 195.00 223.00 OK
r-release-osx-x86_64 0.10.3 OK
r-oldrel-windows-ix86+x86_64 0.10.3 37.00 212.00 249.00 OK
r-oldrel-osx-x86_64 0.10.3 WARN

Check Details

Version: 0.10.3
Check: re-building of vignette outputs
Result: WARN
    Error in re-building vignettes:
     ...
    
    
    Attaching package: 'fastR'
    
    The following object is masked from 'package:graphics':
    
     panel.smooth
    
    Loading required package: knitr
    Error in texi2dvi(file = file, pdf = TRUE, clean = clean, quiet = quiet, :
     Running 'texi2dvi' on 'Updates.tex' failed.
    LaTeX errors:
    ! LaTeX Error: File `xstring.sty' not found.
    
    Type X to quit or <RETURN> to proceed,
    or enter new name. (Default extension: sty)
    
    ! Emergency stop.
    <read *>
    
    l.62 \usepackage
     {xcolor}^^M
    ! ==> Fatal error occurred, no output PDF file produced!
    Calls: buildVignettes -> texi2pdf -> texi2dvi
    Execution halted
Flavor: r-oldrel-osx-x86_64